98.28.220.167 - - [01/Dec/2008:21:04:11 -0800] "GET /images/topbg.gif HTTP/1.1" 200 133 "http://www.bluestarperformance.com/nos.html" "Mozilla/4.0 (compatible; MSIE 7.0; Windows NT 6.0; FunWebProducts; Mozilla/4.0 (compatible; MSIE 6.0; Windows NT 5.1; SV1) ; Embedded Web Browser from: http://bsalsa.com/; SLCC1; .NET CLR 2.0.50727; .NET CLR 3.0.04506)" "bluestarperformance.com"
98.28.220.167 - - [01/Dec/2008:21:04:11 -0800] "GET /images/topleftcorn.gif HTTP/1.1" 200 959 "http://www.bluestarperformance.com/nos.html" "Mozilla/4.0 (compatible; MSIE 7.0; Windows NT 6.0; FunWebProducts; Mozilla/4.0 (compatible; MSIE 6.0; Windows NT 5.1; SV1) ; Embedded Web Browser from: http://bsalsa.com/; SLCC1; .NET CLR 2.0.50727; .NET CLR 3.0.04506)" "bluestarperformance.com"
98.28.220.167 - - [01/Dec/2008:21:04:11 -0800] "GET /images/menutopcorn.gif HTTP/1.1" 200 125 "http://www.bluestarperformance.com/nos.html" "Mozilla/4.0 (compatible; MSIE 7.0; Windows NT 6.0; FunWebProducts; Mozilla/4.0 (compatible; MSIE 6.0; Windows NT 5.1; SV1) ; Embedded Web Browser from: http://bsalsa.com/; SLCC1; .NET CLR 2.0.50727; .NET CLR 3.0.04506)" "bluestarperformance.com"
98.28.220.167 - - [01/Dec/2008:21:04:11 -0800] "GET /images/rightline.gif HTTP/1.1" 200 50 "http://www.bluestarperformance.com/nos.html" "Mozilla/4.0 (compatible; MSIE 7.0; Windows NT 6.0; FunWebProducts; Mozilla/4.0 (compatible; MSIE 6.0; Windows NT 5.1; SV1) ; Embedded Web Browser from: http://bsalsa.com/; SLCC1; .NET CLR 2.0.50727; .NET CLR 3.0.04506)" "bluestarperformance.com"
98.28.220.167 - - [01/Dec/2008:21:04:11 -0800] "GET /images/news.gif HTTP/1.1" 200 639 "http://www.bluestarperformance.com/nos.html" "Mozilla/4.0 (compatible; MSIE 7.0; Windows NT 6.0; FunWebProducts; Mozilla/4.0 (compatible; MSIE 6.0; Windows NT 5.1; SV1) ; Embedded Web Browser from: http://bsalsa.com/; SLCC1; .NET CLR 2.0.50727; .NET CLR 3.0.04506)" "bluestarperformance.com"
98.28.220.167 - - [01/Dec/2008:21:04:11 -0800] "GET /images/cudamenu.gif HTTP/1.1" 200 74625 "http://www.bluestarperformance.com/nos.html" "Mozilla/4.0 (compatible; MSIE 7.0; Windows NT 6.0; FunWebProducts; Mozilla/4.0 (compatible; MSIE 6.0; Windows NT 5.1; SV1) ; Embedded Web Browser from: http://bsalsa.com/; SLCC1; .NET CLR 2.0.50727; .NET CLR 3.0.04506)" "bluestarperformance.com"
72.13.217.69 - - [01/Dec/2008:21:04:17 -0800] "GET /nos.html HTTP/1.1" 200 14735 "http://www.bluestarperformance.com/parts4sale.html" "Mozilla/4.0 (compatible; MSIE 7.0; Windows NT 6.0; SLCC1; .NET CLR 2.0.50727; Media Center PC 5.0; .NET CLR 3.0.04506)" "www.bluestarperformance.com"
72.13.217.69 - - [01/Dec/2008:21:04:18 -0800] "GET /style.css HTTP/1.1" 404 275 "http://www.bluestarperformance.com/nos.html" "Mozilla/4.0 (compatible; MSIE 7.0; Windows NT 6.0; SLCC1; .NET CLR 2.0.50727; Media Center PC 5.0; .NET CLR 3.0.04506)" "www.bluestarperformance.com"
72.13.217.69 - - [01/Dec/2008:21:04:18 -0800] "GET /popouttext.js HTTP/1.1" 404 275 "http://www.bluestarperformance.com/nos.html" "Mozilla/4.0 (compatible; MSIE 7.0; Windows NT 6.0; SLCC1; .NET CLR 2.0.50727; Media Center PC 5.0; .NET CLR 3.0.04506)" "www.bluestarperformance.com"
72.13.217.69 - - [01/Dec/2008:21:04:18 -0800] "GET /images/clearpixel.gif HTTP/1.1" 404 275 "http://www.bluestarperformance.com/nos.html" "Mozilla/4.0 (compatible; MSIE 7.0; Windows NT 6.0; SLCC1; .NET CLR 2.0.50727; Media Center PC 5.0; .NET CLR 3.0.04506)" "bluestarperformance.com"
72.13.217.69 - - [01/Dec/2008:21:04:18 -0800] "GET /images/topleftcorn.gif HTTP/1.1" 200 959 "http://www.bluestarperformance.com/nos.html" "Mozilla/4.0 (compatible; MSIE 7.0; Windows NT 6.0; SLCC1; .NET CLR 2.0.50727; Media Center PC 5.0; .NET CLR 3.0.04506)" "bluestarperformance.com"
72.13.217.69 - - [01/Dec/2008:21:04:18 -0800] "GET /images/lefttopbg.gif HTTP/1.1" 200 979 "http://www.bluestarperformance.com/nos.html" "Mozilla/4.0 (compatible; MSIE 7.0; Windows NT 6.0; SLCC1; .NET CLR 2.0.50727; Media Center PC 5.0; .NET CLR 3.0.04506)" "bluestarperformance.com"
72.13.217.69 - - [01/Dec/2008:21:04:18 -0800] "GET /images/topbar.gif HTTP/1.1" 200 412 "http://www.bluestarperformance.com/nos.html" "Mozilla/4.0 (compatible; MSIE 7.0; Windows NT 6.0; SLCC1; .NET CLR 2.0.50727; Media Center PC 5.0; .NET CLR 3.0.04506)" "bluestarperformance.com"
72.13.217.69 - - [01/Dec/2008:21:04:18 -0800] "GET /images/topbg.gif HTTP/1.1" 200 133 "http://www.bluestarperformance.com/nos.html" "Mozilla/4.0 (compatible; MSIE 7.0; Windows NT 6.0; SLCC1; .NET CLR 2.0.50727; Media Center PC 5.0; .NET CLR 3.0.04506)" "bluestarperformance.com"
72.13.217.69 - - [01/Dec/2008:21:04:18 -0800] "GET /images/menutopcorn.gif HTTP/1.1" 200 125 "http://www.bluestarperformance.com/nos.html" "Mozilla/4.0 (compatible; MSIE 7.0; Windows NT 6.0; SLCC1; .NET CLR 2.0.50727; Media Center PC 5.0; .NET CLR 3.0.04506)" "bluestarperformance.com"
72.13.217.69 - - [01/Dec/2008:21:04:18 -0800] "GET /images/rightline.gif HTTP/1.1" 200 50 "http://www.bluestarperformance.com/nos.html" "Mozilla/4.0 (compatible; MSIE 7.0; Windows NT 6.0; SLCC1; .NET CLR 2.0.50727; Media Center PC 5.0; .NET CLR 3.0.04506)" "bluestarperformance.com"
72.13.217.69 - - [01/Dec/2008:21:04:18 -0800] "GET /images/cudamenu.gif HTTP/1.1" 200 74625 "http://www.bluestarperformance.com/nos.html" "Mozilla/4.0 (compatible; MSIE 7.0; Windows NT 6.0; SLCC1; .NET CLR 2.0.50727; Media Center PC 5.0; .NET CLR 3.0.04506)" "bluestarperformance.com"
72.13.217.69 - - [01/Dec/2008:21:04:18 -0800] "GET /images/news.gif HTTP/1.1" 200 639 "http://www.bluestarperformance.com/nos.html" "Mozilla/4.0 (compatible; MSIE 7.0; Windows NT 6.0; SLCC1; .NET CLR 2.0.50727; Media Center PC 5.0; .NET CLR 3.0.04506)" "bluestarperformance.com"
98.28.220.167 - - [01/Dec/2008:21:04:25 -0800] "GET /nos-emblems.html HTTP/1.1" 200 20327 "http://www.bluestarperformance.com/nos.html" "Mozilla/4.0 (compatible; MSIE 7.0; Windows NT 6.0; FunWebProducts; Mozilla/4.0 (compatible; MSIE 6.0; Windows NT 5.1; SV1) ; Embedded Web Browser from: http://bsalsa.com/; SLCC1; .NET CLR 2.0.50727; .NET CLR 3.0.04506)" "www.bluestarperformance.com"
98.28.220.167 - - [01/Dec/2008:21:04:25 -0800] "GET /style.css HTTP/1.1" 404 275 "http://www.bluestarperformance.com/nos-emblems.html" "Mozilla/4.0 (compatible; MSIE 7.0; Windows NT 6.0; FunWebProducts; Mozilla/4.0 (compatible; MSIE 6.0; Windows NT 5.1; SV1) ; Embedded Web Browser from: http://bsalsa.com/; SLCC1; .NET CLR 2.0.50727; .NET CLR 3.0.04506)" "www.bluestarperformance.com"
98.28.220.167 - - [01/Dec/2008:21:04:25 -0800] "GET /popouttext.js HTTP/1.1" 404 275 "http://www.bluestarperformance.com/nos-emblems.html" "Mozilla/4.0 (compatible; MSIE 7.0; Windows NT 6.0; FunWebProducts; Mozilla/4.0 (compatible; MSIE 6.0; Windows NT 5.1; SV1) ; Embedded Web Browser from: http://bsalsa.com/; SLCC1; .NET CLR 2.0.50727; .NET CLR 3.0.04506)" "www.bluestarperformance.com"
98.28.220.167 - - [01/Dec/2008:21:04:25 -0800] "GET /images/clearpixel.gif HTTP/1.1" 404 275 "http://www.bluestarperformance.com/nos-emblems.html" "Mozilla/4.0 (compatible; MSIE 7.0; Windows NT 6.0; FunWebProducts; Mozilla/4.0 (compatible; MSIE 6.0; Windows NT 5.1; SV1) ; Embedded Web Browser from: http://bsalsa.com/; SLCC1; .NET CLR 2.0.50727; .NET CLR 3.0.04506)" "bluestarperformance.com"
98.28.220.167 - - [01/Dec/2008:21:04:25 -0800] "GET /images/emblems4.jpg HTTP/1.1" 200 17013 "http://www.bluestarperformance.com/nos-emblems.html" "Mozilla/4.0 (compatible; MSIE 7.0; Windows NT 6.0; FunWebProducts; Mozilla/4.0 (compatible; MSIE 6.0; Windows NT 5.1; SV1) ; Embedded Web Browser from: http://bsalsa.com/; SLCC1; .NET CLR 2.0.50727; .NET CLR 3.0.04506)" "bluestarperformance.com"
98.28.220.167 - - [01/Dec/2008:21:04:25 -0800] "GET /images/emblems1.jpg HTTP/1.1" 200 19228 "http://www.bluestarperformance.com/nos-emblems.html" "Mozilla/4.0 (compatible; MSIE 7.0; Windows NT 6.0; FunWebProducts; Mozilla/4.0 (compatible; MSIE 6.0; Windows NT 5.1; SV1) ; Embedded Web Browser from: http://bsalsa.com/; SLCC1; .NET CLR 2.0.50727; .NET CLR 3.0.04506)" "bluestarperformance.com"
98.28.220.167 - - [01/Dec/2008:21:04:26 -0800] "GET /images/emblems5.jpg HTTP/1.1" 200 11857 "http://www.bluestarperformance.com/nos-emblems.html" "Mozilla/4.0 (compatible; MSIE 7.0; Windows NT 6.0; FunWebProducts; Mozilla/4.0 (compatible; MSIE 6.0; Windows NT 5.1; SV1) ; Embedded Web Browser from: http://bsalsa.com/; SLCC1; .NET CLR 2.0.50727; .NET CLR 3.0.04506)" "bluestarperformance.com"
98.28.220.167 - - [01/Dec/2008:21:04:26 -0800] "GET /images/emblems3.jpg HTTP/1.1" 200 9671 "http://www.bluestarperformance.com/nos-emblems.html" "Mozilla/4.0 (compatible; MSIE 7.0; Windows NT 6.0; FunWebProducts; Mozilla/4.0 (compatible; MSIE 6.0; Windows NT 5.1; SV1) ; Embedded Web Browser from: http://bsalsa.com/; SLCC1; .NET CLR 2.0.50727; .NET CLR 3.0.04506)" "bluestarperformance.com"
98.28.220.167 - - [01/Dec/2008:21:04:26 -0800] "GET /images/emblems6.jpg HTTP/1.1" 200 14133 "http://www.bluestarperformance.com/nos-emblems.html" "Mozilla/4.0 (compatible; MSIE 7.0; Windows NT 6.0; FunWebProducts; Mozilla/4.0 (compatible; MSIE 6.0; Windows NT 5.1; SV1) ; Embedded Web Browser from: http://bsalsa.com/; SLCC1; .NET CLR 2.0.50727; .NET CLR 3.0.04506)" "bluestarperformance.com"
98.28.220.167 - - [01/Dec/2008:21:04:26 -0800] "GET /images/emblems2.jpg HTTP/1.1" 200 22018 "http://www.bluestarperformance.com/nos-emblems.html" "Mozilla/4.0 (compatible; MSIE 7.0; Windows NT 6.0; FunWebProducts; Mozilla/4.0 (compatible; MSIE 6.0; Windows NT 5.1; SV1) ; Embedded Web Browser from: http://bsalsa.com/; SLCC1; .NET CLR 2.0.50727; .NET CLR 3.0.04506)" "bluestarperformance.com"
98.28.220.167 - - [01/Dec/2008:21:04:39 -0800] "GET /cars4sale.html HTTP/1.1" 200 21603 "http://www.bluestarperformance.com/nos-emblems.html" "Mozilla/4.0 (compatible; MSIE 7.0; Windows NT 6.0; FunWebProducts; Mozilla/4.0 (compatible; MSIE 6.0; Windows NT 5.1; SV1) ; Embedded Web Browser from: http://bsalsa.com/; SLCC1; .NET CLR 2.0.50727; .NET CLR 3.0.04506)" "www.bluestarperformance.com"
98.28.220.167 - - [01/Dec/2008:21:04:40 -0800] "GET /style.css HTTP/1.1" 404 275 "http://www.bluestarperformance.com/cars4sale.html" "Mozilla/4.0 (compatible; MSIE 7.0; Windows NT 6.0; FunWebProducts; Mozilla/4.0 (compatible; MSIE 6.0; Windows NT 5.1; SV1) ; Embedded Web Browser from: http://bsalsa.com/; SLCC1; .NET CLR 2.0.50727; .NET CLR 3.0.04506)" "www.bluestarperformance.com"
98.28.220.167 - - [01/Dec/2008:21:04:40 -0800] "GET /popouttext.js HTTP/1.1" 404 275 "http://www.bluestarperformance.com/cars4sale.html" "Mozilla/4.0 (compatible; MSIE 7.0; Windows NT 6.0; FunWebProducts; Mozilla/4.0 (compatible; MSIE 6.0; Windows NT 5.1; SV1) ; Embedded Web Browser from: http://bsalsa.com/; SLCC1; .NET CLR 2.0.50727; .NET CLR 3.0.04506)" "www.bluestarperformance.com"
98.28.220.167 - - [01/Dec/2008:21:04:40 -0800] "GET /images/clearpixel.gif HTTP/1.1" 404 275 "http://www.bluestarperformance.com/cars4sale.html" "Mozilla/4.0 (compatible; MSIE 7.0; Windows NT 6.0; FunWebProducts; Mozilla/4.0 (compatible; MSIE 6.0; Windows NT 5.1; SV1) ; Embedded Web Browser from: http://bsalsa.com/; SLCC1; .NET CLR 2.0.50727; .NET CLR 3.0.04506)" "bluestarperformance.com"
98.28.220.167 - - [01/Dec/2008:21:04:40 -0800] "GET /70RTSE/tn_70-se1.JPG HTTP/1.1" 200 17377 "http://www.bluestarperformance.com/cars4sale.html" "Mozilla/4.0 (compatible; MSIE 7.0; Windows NT 6.0; FunWebProducts; Mozilla/4.0 (compatible; MSIE 6.0; Windows NT 5.1; SV1) ; Embedded Web Browser from: http://bsalsa.com/; SLCC1; .NET CLR 2.0.50727; .NET CLR 3.0.04506)" "bluestarperformance.com"
98.28.220.167 - - [01/Dec/2008:21:04:40 -0800] "GET /70RTSE/tn_70-se2.JPG HTTP/1.1" 200 16530 "http://www.bluestarperformance.com/cars4sale.html" "Mozilla/4.0 (compatible; MSIE 7.0; Windows NT 6.0; FunWebProducts; Mozilla/4.0 (compatible; MSIE 6.0; Windows NT 5.1; SV1) ; Embedded Web Browser from: http://bsalsa.com/; SLCC1; .NET CLR 2.0.50727; .NET CLR 3.0.04506)" "bluestarperformance.com"
98.28.220.167 - - [01/Dec/2008:21:04:40 -0800] "GET /70RTSE/tn_70-se3.JPG HTTP/1.1" 200 17952 "http://www.bluestarperformance.com/cars4sale.html" "Mozilla/4.0 (compatible; MSIE 7.0; Windows NT 6.0; FunWebProducts; Mozilla/4.0 (compatible; MSIE 6.0; Windows NT 5.1; SV1) ; Embedded Web Browser from: http://bsalsa.com/; SLCC1; .NET CLR 2.0.50727; .NET CLR 3.0.04506)" "bluestarperformance.com"
98.28.220.167 - - [01/Dec/2008:21:04:40 -0800] "GET /70RTSE/tn_70-se4.JPG HTTP/1.1" 200 18575 "http://www.bluestarperformance.com/cars4sale.html" "Mozilla/4.0 (compatible; MSIE 7.0; Windows NT 6.0; FunWebProducts; Mozilla/4.0 (compatible; MSIE 6.0; Windows NT 5.1; SV1) ; Embedded Web Browser from: http://bsalsa.com/; SLCC1; .NET CLR 2.0.50727; .NET CLR 3.0.04506)" "bluestarperformance.com"
12.203.127.24 - - [01/Dec/2008:21:04:40 -0800] "GET /cars4sale.html HTTP/1.1" 200 21603 "http://www.google.com/search?hl=en&q=www.bluestarperformance.com&btnG=Google+Search&aq=f&oq=" "Mozilla/4.0 (compatible; MSIE 7.0; Windows NT 6.0; SLCC1; .NET CLR 2.0.50727; Media Center PC 5.0; .NET CLR 3.0.04506)" "www.bluestarperformance.com"
98.28.220.167 - - [01/Dec/2008:21:04:40 -0800] "GET /70RTSE/tn_70-se5.JPG HTTP/1.1" 200 17859 "http://www.bluestarperformance.com/cars4sale.html" "Mozilla/4.0 (compatible; MSIE 7.0; Windows NT 6.0; FunWebProducts; Mozilla/4.0 (compatible; MSIE 6.0; Windows NT 5.1; SV1) ; Embedded Web Browser from: http://bsalsa.com/; SLCC1; .NET CLR 2.0.50727; .NET CLR 3.0.04506)" "bluestarperformance.com"
12.203.127.24 - - [01/Dec/2008:21:04:40 -0800] "GET /style.css HTTP/1.1" 404 275 "http://www.bluestarperformance.com/cars4sale.html" "Mozilla/4.0 (compatible; MSIE 7.0; Windows NT 6.0; SLCC1; .NET CLR 2.0.50727; Media Center PC 5.0; .NET CLR 3.0.04506)" "www.bluestarperformance.com"
98.28.220.167 - - [01/Dec/2008:21:04:40 -0800] "GET /70RTSE/tn_70-se6.JPG HTTP/1.1" 200 18880 "http://www.bluestarperformance.com/cars4sale.html" "Mozilla/4.0 (compatible; MSIE 7.0; Windows NT 6.0; FunWebProducts; Mozilla/4.0 (compatible; MSIE 6.0; Windows NT 5.1; SV1) ; Embedded Web Browser from: http://bsalsa.com/; SLCC1; .NET CLR 2.0.50727; .NET CLR 3.0.04506)" "bluestarperformance.com"
98.28.220.167 - - [01/Dec/2008:21:04:41 -0800] "GET /70RTSE/tn_70-se7.JPG HTTP/1.1" 200 17953 "http://www.bluestarperformance.com/cars4sale.html" "Mozilla/4.0 (compatible; MSIE 7.0; Windows NT 6.0; FunWebProducts; Mozilla/4.0 (compatible; MSIE 6.0; Windows NT 5.1; SV1) ; Embedded Web Browser from: http://bsalsa.com/; SLCC1; .NET CLR 2.0.50727; .NET CLR 3.0.04506)" "bluestarperformance.com"
98.28.220.167 - - [01/Dec/2008:21:04:41 -0800] "GET /70RTSE/tn_70-se8.JPG HTTP/1.1" 200 16012 "http://www.bluestarperformance.com/cars4sale.html" "Mozilla/4.0 (compatible; MSIE 7.0; Windows NT 6.0; FunWebProducts; Mozilla/4.0 (compatible; MSIE 6.0; Windows NT 5.1; SV1) ; Embedded Web Browser from: http://bsalsa.com/; SLCC1; .NET CLR 2.0.50727; .NET CLR 3.0.04506)" "bluestarperformance.com"
98.28.220.167 - - [01/Dec/2008:21:04:41 -0800] "GET /70RTSE/tn_70-se9.JPG HTTP/1.1" 200 16793 "http://www.bluestarperformance.com/cars4sale.html" "Mozilla/4.0 (compatible; MSIE 7.0; Windows NT 6.0; FunWebProducts; Mozilla/4.0 (compatible; MSIE 6.0; Windows NT 5.1; SV1) ; Embedded Web Browser from: http://bsalsa.com/; SLCC1; .NET CLR 2.0.50727; .NET CLR 3.0.04506)" "bluestarperformance.com"
98.28.220.167 - - [01/Dec/2008:21:04:41 -0800] "GET /70RTSE/tn_70-se10.JPG HTTP/1.1" 200 17139 "http://www.bluestarperformance.com/cars4sale.html" "Mozilla/4.0 (compatible; MSIE 7.0; Windows NT 6.0; FunWebProducts; Mozilla/4.0 (compatible; MSIE 6.0; Windows NT 5.1; SV1) ; Embedded Web Browser from: http://bsalsa.com/; SLCC1; .NET CLR 2.0.50727; .NET CLR 3.0.04506)" "bluestarperformance.com"
98.28.220.167 - - [01/Dec/2008:21:04:41 -0800] "GET /70RTSE/tn_70-se11.JPG HTTP/1.1" 200 19172 "http://www.bluestarperformance.com/cars4sale.html" "Mozilla/4.0 (compatible; MSIE 7.0; Windows NT 6.0; FunWebProducts; Mozilla/4.0 (compatible; MSIE 6.0; Windows NT 5.1; SV1) ; Embedded Web Browser from: http://bsalsa.com/; SLCC1; .NET CLR 2.0.50727; .NET CLR 3.0.04506)" "bluestarperformance.com"
98.28.220.167 - - [01/Dec/2008:21:04:41 -0800] "GET /70RTSE/tn_70-se12.JPG HTTP/1.1" 200 19106 "http://www.bluestarperformance.com/cars4sale.html" "Mozilla/4.0 (compatible; MSIE 7.0; Windows NT 6.0; FunWebProducts; Mozilla/4.0 (compatible; MSIE 6.0; Windows NT 5.1; SV1) ; Embedded Web Browser from: http://bsalsa.com/; SLCC1; .NET CLR 2.0.50727; .NET CLR 3.0.04506)" "bluestarperformance.com"
12.203.127.24 - - [01/Dec/2008:21:04:41 -0800] "GET /popouttext.js HTTP/1.1" 404 275 "http://www.bluestarperformance.com/cars4sale.html" "Mozilla/4.0 (compatible; MSIE 7.0; Windows NT 6.0; SLCC1; .NET CLR 2.0.50727; Media Center PC 5.0; .NET CLR 3.0.04506)" "www.bluestarperformance.com"
98.28.220.167 - - [01/Dec/2008:21:04:41 -0800] "GET /70RTSE/tn_70-se13.JPG HTTP/1.1" 200 17137 "http://www.bluestarperformance.com/cars4sale.html" "Mozilla/4.0 (compatible; MSIE 7.0; Windows NT 6.0; FunWebProducts; Mozilla/4.0 (compatible; MSIE 6.0; Windows NT 5.1; SV1) ; Embedded Web Browser from: http://bsalsa.com/; SLCC1; .NET CLR 2.0.50727; .NET CLR 3.0.04506)" "bluestarperformance.com"
98.28.220.167 - - [01/Dec/2008:21:04:42 -0800] "GET /70RTSE/tn_70-se14.JPG HTTP/1.1" 200 17691 "http://www.bluestarperformance.com/cars4sale.html" "Mozilla/4.0 (compatible; MSIE 7.0; Windows NT 6.0; FunWebProducts; Mozilla/4.0 (compatible; MSIE 6.0; Windows NT 5.1; SV1) ; Embedded Web Browser from: http://bsalsa.com/; SLCC1; .NET CLR 2.0.50727; .NET CLR 3.0.04506)" "bluestarperformance.com"
12.203.127.24 - - [01/Dec/2008:21:04:42 -0800] "GET /images/lefttopbg.gif HTTP/1.1" 200 979 "http://www.bluestarperformance.com/cars4sale.html" "Mozilla/4.0 (compatible; MSIE 7.0; Windows NT 6.0; SLCC1; .NET CLR 2.0.50727; Media Center PC 5.0; .NET CLR 3.0.04506)" "bluestarperformance.com"
12.203.127.24 - - [01/Dec/2008:21:04:42 -0800] "GET /images/topbar.gif HTTP/1.1" 200 412 "http://www.bluestarperformance.com/cars4sale.html" "Mozilla/4.0 (compatible; MSIE 7.0; Windows NT 6.0; SLCC1; .NET CLR 2.0.50727; Media Center PC 5.0; .NET CLR 3.0.04506)" "bluestarperformance.com"
12.203.127.24 - - [01/Dec/2008:21:04:42 -0800] "GET /images/bsplogo2.jpg HTTP/1.1" 200 13014 "http://www.bluestarperformance.com/cars4sale.html" "Mozilla/4.0 (compatible; MSIE 7.0; Windows NT 6.0; SLCC1; .NET CLR 2.0.50727; Media Center PC 5.0; .NET CLR 3.0.04506)" "bluestarperformance.com"
12.203.127.24 - - [01/Dec/2008:21:04:42 -0800] "GET /images/topleftcorn.gif HTTP/1.1" 200 959 "http://www.bluestarperformance.com/cars4sale.html" "Mozilla/4.0 (compatible; MSIE 7.0; Windows NT 6.0; SLCC1; .NET CLR 2.0.50727; Media Center PC 5.0; .NET CLR 3.0.04506)" "bluestarperformance.com"
12.203.127.24 - - [01/Dec/2008:21:04:42 -0800] "GET /images/topbg.gif HTTP/1.1" 200 133 "http://www.bluestarperformance.com/cars4sale.html" "Mozilla/4.0 (compatible; MSIE 7.0; Windows NT 6.0; SLCC1; .NET CLR 2.0.50727; Media Center PC 5.0; .NET CLR 3.0.04506)" "bluestarperformance.com"
12.203.127.24 - - [01/Dec/2008:21:04:42 -0800] "GET /images/clearpixel.gif HTTP/1.1" 404 275 "http://www.bluestarperformance.com/cars4sale.html" "Mozilla/4.0 (compatible; MSIE 7.0; Windows NT 6.0; SLCC1; .NET CLR 2.0.50727; Media Center PC 5.0; .NET CLR 3.0.04506)" "bluestarperformance.com"
12.203.127.24 - - [01/Dec/2008:21:04:42 -0800] "GET /images/rightline.gif HTTP/1.1" 200 50 "http://www.bluestarperformance.com/cars4sale.html" "Mozilla/4.0 (compatible; MSIE 7.0; Windows NT 6.0; SLCC1; .NET CLR 2.0.50727; Media Center PC 5.0; .NET CLR 3.0.04506)" "bluestarperformance.com"
12.203.127.24 - - [01/Dec/2008:21:04:42 -0800] "GET /images/menutopcorn.gif HTTP/1.1" 200 125 "http://www.bluestarperformance.com/cars4sale.html" "Mozilla/4.0 (compatible; MSIE 7.0; Windows NT 6.0; SLCC1; .NET CLR 2.0.50727; Media Center PC 5.0; .NET CLR 3.0.04506)" "bluestarperformance.com"
12.203.127.24 - - [01/Dec/2008:21:04:42 -0800] "GET /70RTSE/tn_70-se1.JPG HTTP/1.1" 200 17377 "http://www.bluestarperformance.com/cars4sale.html" "Mozilla/4.0 (compatible; MSIE 7.0; Windows NT 6.0; SLCC1; .NET CLR 2.0.50727; Media Center PC 5.0; .NET CLR 3.0.04506)" "bluestarperformance.com"
12.203.127.24 - - [01/Dec/2008:21:04:42 -0800] "GET /70RTSE/tn_70-se2.JPG HTTP/1.1" 200 16530 "http://www.bluestarperformance.com/cars4sale.html" "Mozilla/4.0 (compatible; MSIE 7.0; Windows NT 6.0; SLCC1; .NET CLR 2.0.50727; Media Center PC 5.0; .NET CLR 3.0.04506)" "bluestarperformance.com"
12.203.127.24 - - [01/Dec/2008:21:04:42 -0800] "GET /70RTSE/tn_70-se3.JPG HTTP/1.1" 200 17952 "http://www.bluestarperformance.com/cars4sale.html" "Mozilla/4.0 (compatible; MSIE 7.0; Windows NT 6.0; SLCC1; .NET CLR 2.0.50727; Media Center PC 5.0; .NET CLR 3.0.04506)" "bluestarperformance.com"
12.203.127.24 - - [01/Dec/2008:21:04:42 -0800] "GET /70RTSE/tn_70-se4.JPG HTTP/1.1" 200 18575 "http://www.bluestarperformance.com/cars4sale.html" "Mozilla/4.0 (compatible; MSIE 7.0; Windows NT 6.0; SLCC1; .NET CLR 2.0.50727; Media Center PC 5.0; .NET CLR 3.0.04506)" "bluestarperformance.com"
12.203.127.24 - - [01/Dec/2008:21:04:42 -0800] "GET /70RTSE/tn_70-se5.JPG HTTP/1.1" 200 17859 "http://www.bluestarperformance.com/cars4sale.html" "Mozilla/4.0 (compatible; MSIE 7.0; Windows NT 6.0; SLCC1; .NET CLR 2.0.50727; Media Center PC 5.0; .NET CLR 3.0.04506)" "bluestarperformance.com"
12.203.127.24 - - [01/Dec/2008:21:04:42 -0800] "GET /70RTSE/tn_70-se6.JPG HTTP/1.1" 200 18880 "http://www.bluestarperformance.com/cars4sale.html" "Mozilla/4.0 (compatible; MSIE 7.0; Windows NT 6.0; SLCC1; .NET CLR 2.0.50727; Media Center PC 5.0; .NET CLR 3.0.04506)" "bluestarperformance.com"
12.203.127.24 - - [01/Dec/2008:21:04:42 -0800] "GET /70RTSE/tn_70-se7.JPG HTTP/1.1" 200 17953 "http://www.bluestarperformance.com/cars4sale.html" "Mozilla/4.0 (compatible; MSIE 7.0; Windows NT 6.0; SLCC1; .NET CLR 2.0.50727; Media Center PC 5.0; .NET CLR 3.0.04506)" "bluestarperformance.com"
12.203.127.24 - - [01/Dec/2008:21:04:42 -0800] "GET /70RTSE/tn_70-se9.JPG HTTP/1.1" 200 16793 "http://www.bluestarperformance.com/cars4sale.html" "Mozilla/4.0 (compatible; MSIE 7.0; Windows NT 6.0; SLCC1; .NET CLR 2.0.50727; Media Center PC 5.0; .NET CLR 3.0.04506)" "bluestarperformance.com"
12.203.127.24 - - [01/Dec/2008:21:04:42 -0800] "GET /70RTSE/tn_70-se8.JPG HTTP/1.1" 200 16012 "http://www.bluestarperformance.com/cars4sale.html" "Mozilla/4.0 (compatible; MSIE 7.0; Windows NT 6.0; SLCC1; .NET CLR 2.0.50727; Media Center PC 5.0; .NET CLR 3.0.04506)" "bluestarperformance.com"
98.28.220.167 - - [01/Dec/2008:21:04:42 -0800] "GET /70RTSE/tn_70-se16.JPG HTTP/1.1" 200 17328 "http://www.bluestarperformance.com/cars4sale.html" "Mozilla/4.0 (compatible; MSIE 7.0; Windows NT 6.0; FunWebProducts; Mozilla/4.0 (compatible; MSIE 6.0; Windows NT 5.1; SV1) ; Embedded Web Browser from: http://bsalsa.com/; SLCC1; .NET CLR 2.0.50727; .NET CLR 3.0.04506)" "bluestarperformance.com"
12.203.127.24 - - [01/Dec/2008:21:04:42 -0800] "GET /70RTSE/tn_70-se10.JPG HTTP/1.1" 200 17139 "http://www.bluestarperformance.com/cars4sale.html" "Mozilla/4.0 (compatible; MSIE 7.0; Windows NT 6.0; SLCC1; .NET CLR 2.0.50727; Media Center PC 5.0; .NET CLR 3.0.04506)" "bluestarperformance.com"
98.28.220.167 - - [01/Dec/2008:21:04:42 -0800] "GET /70RTSE/tn_70-se15.JPG HTTP/1.1" 200 17008 "http://www.bluestarperformance.com/cars4sale.html" "Mozilla/4.0 (compatible; MSIE 7.0; Windows NT 6.0; FunWebProducts; Mozilla/4.0 (compatible; MSIE 6.0; Windows NT 5.1; SV1) ; Embedded Web Browser from: http://bsalsa.com/; SLCC1; .NET CLR 2.0.50727; .NET CLR 3.0.04506)" "bluestarperformance.com"
12.203.127.24 - - [01/Dec/2008:21:04:42 -0800] "GET /70RTSE/tn_70-se12.JPG HTTP/1.1" 200 19106 "http://www.bluestarperformance.com/cars4sale.html" "Mozilla/4.0 (compatible; MSIE 7.0; Windows NT 6.0; SLCC1; .NET CLR 2.0.50727; Media Center PC 5.0; .NET CLR 3.0.04506)" "bluestarperformance.com"
12.203.127.24 - - [01/Dec/2008:21:04:42 -0800] "GET /70RTSE/tn_70-se11.JPG HTTP/1.1" 200 19172 "http://www.bluestarperformance.com/cars4sale.html" "Mozilla/4.0 (compatible; MSIE 7.0; Windows NT 6.0; SLCC1; .NET CLR 2.0.50727; Media Center PC 5.0; .NET CLR 3.0.04506)" "bluestarperformance.com"
12.203.127.24 - - [01/Dec/2008:21:04:42 -0800] "GET /70RTSE/tn_70-se13.JPG HTTP/1.1" 200 17137 "http://www.bluestarperformance.com/cars4sale.html" "Mozilla/4.0 (compatible; MSIE 7.0; Windows NT 6.0; SLCC1; .NET CLR 2.0.50727; Media Center PC 5.0; .NET CLR 3.0.04506)" "bluestarperformance.com"
12.203.127.24 - - [01/Dec/2008:21:04:42 -0800] "GET /70RTSE/tn_70-se14.JPG HTTP/1.1" 200 17691 "http://www.bluestarperformance.com/cars4sale.html" "Mozilla/4.0 (compatible; MSIE 7.0; Windows NT 6.0; SLCC1; .NET CLR 2.0.50727; Media Center PC 5.0; .NET CLR 3.0.04506)" "bluestarperformance.com"
12.203.127.24 - - [01/Dec/2008:21:04:42 -0800] "GET /70RTSE/tn_70-se15.JPG HTTP/1.1" 200 17008 "http://www.bluestarperformance.com/cars4sale.html" "Mozilla/4.0 (compatible; MSIE 7.0; Windows NT 6.0; SLCC1; .NET CLR 2.0.50727; Media Center PC 5.0; .NET CLR 3.0.04506)" "bluestarperformance.com"
12.203.127.24 - - [01/Dec/2008:21:04:42 -0800] "GET /70RTSE/tn_70-se16.JPG HTTP/1.1" 200 17328 "http://www.bluestarperformance.com/cars4sale.html" "Mozilla/4.0 (compatible; MSIE 7.0; Windows NT 6.0; SLCC1; .NET CLR 2.0.50727; Media Center PC 5.0; .NET CLR 3.0.04506)" "bluestarperformance.com"
12.203.127.24 - - [01/Dec/2008:21:04:42 -0800] "GET /70RTSE/tn_70-se17.JPG HTTP/1.1" 200 16999 "http://www.bluestarperformance.com/cars4sale.html" "Mozilla/4.0 (compatible; MSIE 7.0; Windows NT 6.0; SLCC1; .NET CLR 2.0.50727; Media Center PC 5.0; .NET CLR 3.0.04506)" "bluestarperformance.com"
12.203.127.24 - - [01/Dec/2008:21:04:42 -0800] "GET /70RTSE/tn_70-se18.JPG HTTP/1.1" 200 18382 "http://www.bluestarperformance.com/cars4sale.html" "Mozilla/4.0 (compatible; MSIE 7.0; Windows NT 6.0; SLCC1; .NET CLR 2.0.50727; Media Center PC 5.0; .NET CLR 3.0.04506)" "bluestarperformance.com"
12.203.127.24 - - [01/Dec/2008:21:04:42 -0800] "GET /70RTSE/tn_70-se19.JPG HTTP/1.1" 200 17518 "http://www.bluestarperformance.com/cars4sale.html" "Mozilla/4.0 (compatible; MSIE 7.0; Windows NT 6.0; SLCC1; .NET CLR 2.0.50727; Media Center PC 5.0; .NET CLR 3.0.04506)" "bluestarperformance.com"
98.28.220.167 - - [01/Dec/2008:21:04:42 -0800] "GET /70RTSE/tn_70-se17.JPG HTTP/1.1" 200 16999 "http://www.bluestarperformance.com/cars4sale.html" "Mozilla/4.0 (compatible; MSIE 7.0; Windows NT 6.0; FunWebProducts; Mozilla/4.0 (compatible; MSIE 6.0; Windows NT 5.1; SV1) ; Embedded Web Browser from: http://bsalsa.com/; SLCC1; .NET CLR 2.0.50727; .NET CLR 3.0.04506)" "bluestarperformance.com"
98.28.220.167 - - [01/Dec/2008:21:04:42 -0800] "GET /70RTSE/tn_70-se18.JPG HTTP/1.1" 200 18382 "http://www.bluestarperformance.com/cars4sale.html" "Mozilla/4.0 (compatible; MSIE 7.0; Windows NT 6.0; FunWebProducts; Mozilla/4.0 (compatible; MSIE 6.0; Windows NT 5.1; SV1) ; Embedded Web Browser from: http://bsalsa.com/; SLCC1; .NET CLR 2.0.50727; .NET CLR 3.0.04506)" "bluestarperformance.com"
12.203.127.24 - - [01/Dec/2008:21:04:42 -0800] "GET /70RTSE/tn_70-se20.JPG HTTP/1.1" 200 17840 "http://www.bluestarperformance.com/cars4sale.html" "Mozilla/4.0 (compatible; MSIE 7.0; Windows NT 6.0; SLCC1; .NET CLR 2.0.50727; Media Center PC 5.0; .NET CLR 3.0.04506)" "bluestarperformance.com"
12.203.127.24 - - [01/Dec/2008:21:04:42 -0800] "GET /70RTSE/tn_70-se21.JPG HTTP/1.1" 200 17112 "http://www.bluestarperformance.com/cars4sale.html" "Mozilla/4.0 (compatible; MSIE 7.0; Windows NT 6.0; SLCC1; .NET CLR 2.0.50727; Media Center PC 5.0; .NET CLR 3.0.04506)" "bluestarperformance.com"
12.203.127.24 - - [01/Dec/2008:21:04:42 -0800] "GET /70RTSE/tn_70-se22.JPG HTTP/1.1" 200 17964 "http://www.bluestarperformance.com/cars4sale.html" "Mozilla/4.0 (compatible; MSIE 7.0; Windows NT 6.0; SLCC1; .NET CLR 2.0.50727; Media Center PC 5.0; .NET CLR 3.0.04506)" "bluestarperformance.com"
12.203.127.24 - - [01/Dec/2008:21:04:42 -0800] "GET /70RTSE/tn_70-se23.JPG HTTP/1.1" 200 17853 "http://www.bluestarperformance.com/cars4sale.html" "Mozilla/4.0 (compatible; MSIE 7.0; Windows NT 6.0; SLCC1; .NET CLR 2.0.50727; Media Center PC 5.0; .NET CLR 3.0.04506)" "bluestarperformance.com"
12.203.127.24 - - [01/Dec/2008:21:04:42 -0800] "GET /70RTSE/tn_70-se24.JPG HTTP/1.1" 200 18605 "http://www.bluestarperformance.com/cars4sale.html" "Mozilla/4.0 (compatible; MSIE 7.0; Windows NT 6.0; SLCC1; .NET CLR 2.0.50727; Media Center PC 5.0; .NET CLR 3.0.04506)" "bluestarperformance.com"
12.203.127.24 - - [01/Dec/2008:21:04:42 -0800] "GET /70RTSE/tn_70-se25.JPG HTTP/1.1" 200 17222 "http://www.bluestarperformance.com/cars4sale.html" "Mozilla/4.0 (compatible; MSIE 7.0; Windows NT 6.0; SLCC1; .NET CLR 2.0.50727; Media Center PC 5.0; .NET CLR 3.0.04506)" "bluestarperformance.com"
12.203.127.24 - - [01/Dec/2008:21:04:42 -0800] "GET /70RTSE/tn_70-se27.JPG HTTP/1.1" 200 17377 "http://www.bluestarperformance.com/cars4sale.html" "Mozilla/4.0 (compatible; MSIE 7.0; Windows NT 6.0; SLCC1; .NET CLR 2.0.50727; Media Center PC 5.0; .NET CLR 3.0.04506)" "bluestarperformance.com"
12.203.127.24 - - [01/Dec/2008:21:04:42 -0800] "GET /70RTSE/tn_70-se26.JPG HTTP/1.1" 200 17521 "http://www.bluestarperformance.com/cars4sale.html" "Mozilla/4.0 (compatible; MSIE 7.0; Windows NT 6.0; SLCC1; .NET CLR 2.0.50727; Media Center PC 5.0; .NET CLR 3.0.04506)" "bluestarperformance.com"
12.203.127.24 - - [01/Dec/2008:21:04:42 -0800] "GET /70RTSE/tn_70-se28.JPG HTTP/1.1" 200 15289 "http://www.bluestarperformance.com/cars4sale.html" "Mozilla/4.0 (compatible; MSIE 7.0; Windows NT 6.0; SLCC1; .NET CLR 2.0.50727; Media Center PC 5.0; .NET CLR 3.0.04506)" "bluestarperformance.com"
12.203.127.24 - - [01/Dec/2008:21:04:42 -0800] "GET /70RTSE/tn_70-se29.JPG HTTP/1.1" 200 18000 "http://www.bluestarperformance.com/cars4sale.html" "Mozilla/4.0 (compatible; MSIE 7.0; Windows NT 6.0; SLCC1; .NET CLR 2.0.50727; Media Center PC 5.0; .NET CLR 3.0.04506)" "bluestarperformance.com"
98.28.220.167 - - [01/Dec/2008:21:04:42 -0800] "GET /70RTSE/tn_70-se19.JPG HTTP/1.1" 200 17518 "http://www.bluestarperformance.com/cars4sale.html" "Mozilla/4.0 (compatible; MSIE 7.0; Windows NT 6.0; FunWebProducts; Mozilla/4.0 (compatible; MSIE 6.0; Windows NT 5.1; SV1) ; Embedded Web Browser from: http://bsalsa.com/; SLCC1; .NET CLR 2.0.50727; .NET CLR 3.0.04506)" "bluestarperformance.com"
12.203.127.24 - - [01/Dec/2008:21:04:42 -0800] "GET /70RTSE/tn_70-se30.JPG HTTP/1.1" 200 18276 "http://www.bluestarperformance.com/cars4sale.html" "Mozilla/4.0 (compatible; MSIE 7.0; Windows NT 6.0; SLCC1; .NET CLR 2.0.50727; Media Center PC 5.0; .NET CLR 3.0.04506)" "bluestarperformance.com"
12.203.127.24 - - [01/Dec/2008:21:04:42 -0800] "GET /70RTSE/tn_70-se31.JPG HTTP/1.1" 200 16722 "http://www.bluestarperformance.com/cars4sale.html" "Mozilla/4.0 (compatible; MSIE 7.0; Windows NT 6.0; SLCC1; .NET CLR 2.0.50727; Media Center PC 5.0; .NET CLR 3.0.04506)" "bluestarperformance.com"
98.28.220.167 - - [01/Dec/2008:21:04:42 -0800] "GET /70RTSE/tn_70-se20.JPG HTTP/1.1" 200 17840 "http://www.bluestarperformance.com/cars4sale.html" "Mozilla/4.0 (compatible; MSIE 7.0; Windows NT 6.0; FunWebProducts; Mozilla/4.0 (compatible; MSIE 6.0; Windows NT 5.1; SV1) ; Embedded Web Browser from: http://bsalsa.com/; SLCC1; .NET CLR 2.0.50727; .NET CLR 3.0.04506)" "bluestarperformance.com"
12.203.127.24 - - [01/Dec/2008:21:04:42 -0800] "GET /70RTSE/tn_70-se32.JPG HTTP/1.1" 200 17034 "http://www.bluestarperformance.com/cars4sale.html" "Mozilla/4.0 (compatible; MSIE 7.0; Windows NT 6.0; SLCC1; .NET CLR 2.0.50727; Media Center PC 5.0; .NET CLR 3.0.04506)" "bluestarperformance.com"
12.203.127.24 - - [01/Dec/2008:21:04:42 -0800] "GET /70RTSE/tn_70-se33.JPG HTTP/1.1" 200 15047 "http://www.bluestarperformance.com/cars4sale.html" "Mozilla/4.0 (compatible; MSIE 7.0; Windows NT 6.0; SLCC1; .NET CLR 2.0.50727; Media Center PC 5.0; .NET CLR 3.0.04506)" "bluestarperformance.com"
12.203.127.24 - - [01/Dec/2008:21:04:42 -0800] "GET /70RTSE/tn_70-se34.JPG HTTP/1.1" 200 16310 "http://www.bluestarperformance.com/cars4sale.html" "Mozilla/4.0 (compatible; MSIE 7.0; Windows NT 6.0; SLCC1; .NET CLR 2.0.50727; Media Center PC 5.0; .NET CLR 3.0.04506)" "bluestarperformance.com"
12.203.127.24 - - [01/Dec/2008:21:04:42 -0800] "GET /70RTSE/tn_70-se35.JPG HTTP/1.1" 200 18134 "http://www.bluestarperformance.com/cars4sale.html" "Mozilla/4.0 (compatible; MSIE 7.0; Windows NT 6.0; SLCC1; .NET CLR 2.0.50727; Media Center PC 5.0; .NET CLR 3.0.04506)" "bluestarperformance.com"
12.203.127.24 - - [01/Dec/2008:21:04:42 -0800] "GET /70RTSE/tn_70-se37.JPG HTTP/1.1" 200 17407 "http://www.bluestarperformance.com/cars4sale.html" "Mozilla/4.0 (compatible; MSIE 7.0; Windows NT 6.0; SLCC1; .NET CLR 2.0.50727; Media Center PC 5.0; .NET CLR 3.0.04506)" "bluestarperformance.com"
12.203.127.24 - - [01/Dec/2008:21:04:42 -0800] "GET /70RTSE/tn_70-se36.JPG HTTP/1.1" 200 17228 "http://www.bluestarperformance.com/cars4sale.html" "Mozilla/4.0 (compatible; MSIE 7.0; Windows NT 6.0; SLCC1; .NET CLR 2.0.50727; Media Center PC 5.0; .NET CLR 3.0.04506)" "bluestarperformance.com"
12.203.127.24 - - [01/Dec/2008:21:04:43 -0800] "GET /images/news.gif HTTP/1.1" 200 639 "http://www.bluestarperformance.com/cars4sale.html" "Mozilla/4.0 (compatible; MSIE 7.0; Windows NT 6.0; SLCC1; .NET CLR 2.0.50727; Media Center PC 5.0; .NET CLR 3.0.04506)" "bluestarperformance.com"
12.203.127.24 - - [01/Dec/2008:21:04:43 -0800] "GET /70RTSE/tn_1.JPG HTTP/1.1" 200 5496 "http://www.bluestarperformance.com/cars4sale.html" "Mozilla/4.0 (compatible; MSIE 7.0; Windows NT 6.0; SLCC1; .NET CLR 2.0.50727; Media Center PC 5.0; .NET CLR 3.0.04506)" "bluestarperformance.com"
98.28.220.167 - - [01/Dec/2008:21:04:43 -0800] "GET /70RTSE/tn_70-se21.JPG HTTP/1.1" 200 17112 "http://www.bluestarperformance.com/cars4sale.html" "Mozilla/4.0 (compatible; MSIE 7.0; Windows NT 6.0; FunWebProducts; Mozilla/4.0 (compatible; MSIE 6.0; Windows NT 5.1; SV1) ; Embedded Web Browser from: http://bsalsa.com/; SLCC1; .NET CLR 2.0.50727; .NET CLR 3.0.04506)" "bluestarperformance.com"
98.28.220.167 - - [01/Dec/2008:21:04:43 -0800] "GET /70RTSE/tn_70-se22.JPG HTTP/1.1" 200 17964 "http://www.bluestarperformance.com/cars4sale.html" "Mozilla/4.0 (compatible; MSIE 7.0; Windows NT 6.0; FunWebProducts; Mozilla/4.0 (compatible; MSIE 6.0; Windows NT 5.1; SV1) ; Embedded Web Browser from: http://bsalsa.com/; SLCC1; .NET CLR 2.0.50727; .NET CLR 3.0.04506)" "bluestarperformance.com"
12.203.127.24 - - [01/Dec/2008:21:04:43 -0800] "GET /favicon.ico HTTP/1.1" 404 275 "-" "Mozilla/4.0 (compatible; MSIE 7.0; Windows NT 6.0; SLCC1; .NET CLR 2.0.50727; Media Center PC 5.0; .NET CLR 3.0.04506)" "bluestarperformance.com"
98.28.220.167 - - [01/Dec/2008:21:04:43 -0800] "GET /70RTSE/tn_70-se23.JPG HTTP/1.1" 200 17853 "http://www.bluestarperformance.com/cars4sale.html" "Mozilla/4.0 (compatible; MSIE 7.0; Windows NT 6.0; FunWebProducts; Mozilla/4.0 (compatible; MSIE 6.0; Windows NT 5.1; SV1) ; Embedded Web Browser from: http://bsalsa.com/; SLCC1; .NET CLR 2.0.50727; .NET CLR 3.0.04506)" "bluestarperformance.com"
98.28.220.167 - - [01/Dec/2008:21:04:43 -0800] "GET /70RTSE/tn_70-se24.JPG HTTP/1.1" 200 18605 "http://www.bluestarperformance.com/cars4sale.html" "Mozilla/4.0 (compatible; MSIE 7.0; Windows NT 6.0; FunWebProducts; Mozilla/4.0 (compatible; MSIE 6.0; Windows NT 5.1; SV1) ; Embedded Web Browser from: http://bsalsa.com/; SLCC1; .NET CLR 2.0.50727; .NET CLR 3.0.04506)" "bluestarperformance.com"
98.28.220.167 - - [01/Dec/2008:21:04:43 -0800] "GET /70RTSE/tn_70-se25.JPG HTTP/1.1" 200 17222 "http://www.bluestarperformance.com/cars4sale.html" "Mozilla/4.0 (compatible; MSIE 7.0; Windows NT 6.0; FunWebProducts; Mozilla/4.0 (compatible; MSIE 6.0; Windows NT 5.1; SV1) ; Embedded Web Browser from: http://bsalsa.com/; SLCC1; .NET CLR 2.0.50727; .NET CLR 3.0.04506)" "bluestarperformance.com"
98.28.220.167 - - [01/Dec/2008:21:04:43 -0800] "GET /70RTSE/tn_70-se26.JPG HTTP/1.1" 200 17521 "http://www.bluestarperformance.com/cars4sale.html" "Mozilla/4.0 (compatible; MSIE 7.0; Windows NT 6.0; FunWebProducts; Mozilla/4.0 (compatible; MSIE 6.0; Windows NT 5.1; SV1) ; Embedded Web Browser from: http://bsalsa.com/; SLCC1; .NET CLR 2.0.50727; .NET CLR 3.0.04506)" "bluestarperformance.com"
98.28.220.167 - - [01/Dec/2008:21:04:43 -0800] "GET /70RTSE/tn_70-se27.JPG HTTP/1.1" 200 17377 "http://www.bluestarperformance.com/cars4sale.html" "Mozilla/4.0 (compatible; MSIE 7.0; Windows NT 6.0; FunWebProducts; Mozilla/4.0 (compatible; MSIE 6.0; Windows NT 5.1; SV1) ; Embedded Web Browser from: http://bsalsa.com/; SLCC1; .NET CLR 2.0.50727; .NET CLR 3.0.04506)" "bluestarperformance.com"
98.28.220.167 - - [01/Dec/2008:21:04:43 -0800] "GET /70RTSE/tn_70-se28.JPG HTTP/1.1" 200 15289 "http://www.bluestarperformance.com/cars4sale.html" "Mozilla/4.0 (compatible; MSIE 7.0; Windows NT 6.0; FunWebProducts; Mozilla/4.0 (compatible; MSIE 6.0; Windows NT 5.1; SV1) ; Embedded Web Browser from: http://bsalsa.com/; SLCC1; .NET CLR 2.0.50727; .NET CLR 3.0.04506)" "bluestarperformance.com"
98.28.220.167 - - [01/Dec/2008:21:04:44 -0800] "GET /70RTSE/tn_70-se29.JPG HTTP/1.1" 200 18000 "http://www.bluestarperformance.com/cars4sale.html" "Mozilla/4.0 (compatible; MSIE 7.0; Windows NT 6.0; FunWebProducts; Mozilla/4.0 (compatible; MSIE 6.0; Windows NT 5.1; SV1) ; Embedded Web Browser from: http://bsalsa.com/; SLCC1; .NET CLR 2.0.50727; .NET CLR 3.0.04506)" "bluestarperformance.com"
98.28.220.167 - - [01/Dec/2008:21:04:44 -0800] "GET /70RTSE/tn_70-se30.JPG HTTP/1.1" 200 18276 "http://www.bluestarperformance.com/cars4sale.html" "Mozilla/4.0 (compatible; MSIE 7.0; Windows NT 6.0; FunWebProducts; Mozilla/4.0 (compatible; MSIE 6.0; Windows NT 5.1; SV1) ; Embedded Web Browser from: http://bsalsa.com/; SLCC1; .NET CLR 2.0.50727; .NET CLR 3.0.04506)" "bluestarperformance.com"
98.28.220.167 - - [01/Dec/2008:21:04:44 -0800] "GET /70RTSE/tn_70-se31.JPG HTTP/1.1" 200 16722 "http://www.bluestarperformance.com/cars4sale.html" "Mozilla/4.0 (compatible; MSIE 7.0; Windows NT 6.0; FunWebProducts; Mozilla/4.0 (compatible; MSIE 6.0; Windows NT 5.1; SV1) ; Embedded Web Browser from: http://bsalsa.com/; SLCC1; .NET CLR 2.0.50727; .NET CLR 3.0.04506)" "bluestarperformance.com"
98.28.220.167 - - [01/Dec/2008:21:04:44 -0800] "GET /70RTSE/tn_70-se32.JPG HTTP/1.1" 200 17034 "http://www.bluestarperformance.com/cars4sale.html" "Mozilla/4.0 (compatible; MSIE 7.0; Windows NT 6.0; FunWebProducts; Mozilla/4.0 (compatible; MSIE 6.0; Windows NT 5.1; SV1) ; Embedded Web Browser from: http://bsalsa.com/; SLCC1; .NET CLR 2.0.50727; .NET CLR 3.0.04506)" "bluestarperformance.com"
98.28.220.167 - - [01/Dec/2008:21:04:44 -0800] "GET /70RTSE/tn_70-se33.JPG HTTP/1.1" 200 15047 "http://www.bluestarperformance.com/cars4sale.html" "Mozilla/4.0 (compatible; MSIE 7.0; Windows NT 6.0; FunWebProducts; Mozilla/4.0 (compatible; MSIE 6.0; Windows NT 5.1; SV1) ; Embedded Web Browser from: http://bsalsa.com/; SLCC1; .NET CLR 2.0.50727; .NET CLR 3.0.04506)" "bluestarperformance.com"
98.28.220.167 - - [01/Dec/2008:21:04:44 -0800] "GET /70RTSE/tn_70-se34.JPG HTTP/1.1" 200 16310 "http://www.bluestarperformance.com/cars4sale.html" "Mozilla/4.0 (compatible; MSIE 7.0; Windows NT 6.0; FunWebProducts; Mozilla/4.0 (compatible; MSIE 6.0; Windows NT 5.1; SV1) ; Embedded Web Browser from: http://bsalsa.com/; SLCC1; .NET CLR 2.0.50727; .NET CLR 3.0.04506)" "bluestarperformance.com"
98.28.220.167 - - [01/Dec/2008:21:04:44 -0800] "GET /70RTSE/tn_70-se35.JPG HTTP/1.1" 200 18134 "http://www.bluestarperformance.com/cars4sale.html" "Mozilla/4.0 (compatible; MSIE 7.0; Windows NT 6.0; FunWebProducts; Mozilla/4.0 (compatible; MSIE 6.0; Windows NT 5.1; SV1) ; Embedded Web Browser from: http://bsalsa.com/; SLCC1; .NET CLR 2.0.50727; .NET CLR 3.0.04506)" "bluestarperformance.com"
98.28.220.167 - - [01/Dec/2008:21:04:44 -0800] "GET /70RTSE/tn_70-se36.JPG HTTP/1.1" 200 17228 "http://www.bluestarperformance.com/cars4sale.html" "Mozilla/4.0 (compatible; MSIE 7.0; Windows NT 6.0; FunWebProducts; Mozilla/4.0 (compatible; MSIE 6.0; Windows NT 5.1; SV1) ; Embedded Web Browser from: http://bsalsa.com/; SLCC1; .NET CLR 2.0.50727; .NET CLR 3.0.04506)" "bluestarperformance.com"
98.28.220.167 - - [01/Dec/2008:21:04:45 -0800] "GET /70RTSE/tn_70-se37.JPG HTTP/1.1" 200 17407 "http://www.bluestarperformance.com/cars4sale.html" "Mozilla/4.0 (compatible; MSIE 7.0; Windows NT 6.0; FunWebProducts; Mozilla/4.0 (compatible; MSIE 6.0; Windows NT 5.1; SV1) ; Embedded Web Browser from: http://bsalsa.com/; SLCC1; .NET CLR 2.0.50727; .NET CLR 3.0.04506)" "bluestarperformance.com"
98.28.220.167 - - [01/Dec/2008:21:04:45 -0800] "GET /70RTSE/tn_1.JPG HTTP/1.1" 200 5496 "http://www.bluestarperformance.com/cars4sale.html" "Mozilla/4.0 (compatible; MSIE 7.0; Windows NT 6.0; FunWebProducts; Mozilla/4.0 (compatible; MSIE 6.0; Windows NT 5.1; SV1) ; Embedded Web Browser from: http://bsalsa.com/; SLCC1; .NET CLR 2.0.50727; .NET CLR 3.0.04506)" "bluestarperformance.com"
72.13.217.69 - - [01/Dec/2008:21:04:50 -0800] "GET /nos-sheetmetal.html HTTP/1.1" 200 14129 "http://www.bluestarperformance.com/nos.html" "Mozilla/4.0 (compatible; MSIE 7.0; Windows NT 6.0; SLCC1; .NET CLR 2.0.50727; Media Center PC 5.0; .NET CLR 3.0.04506)" "www.bluestarperformance.com"
72.13.217.69 - - [01/Dec/2008:21:04:53 -0800] "GET /style.css HTTP/1.1" 404 275 "http://www.bluestarperformance.com/nos-sheetmetal.html" "Mozilla/4.0 (compatible; MSIE 7.0; Windows NT 6.0; SLCC1; .NET CLR 2.0.50727; Media Center PC 5.0; .NET CLR 3.0.04506)" "www.bluestarperformance.com"
72.13.217.69 - - [01/Dec/2008:21:04:53 -0800] "GET /popouttext.js HTTP/1.1" 404 275 "http://www.bluestarperformance.com/nos-sheetmetal.html" "Mozilla/4.0 (compatible; MSIE 7.0; Windows NT 6.0; SLCC1; .NET CLR 2.0.50727; Media Center PC 5.0; .NET CLR 3.0.04506)" "www.bluestarperformance.com"
72.13.217.69 - - [01/Dec/2008:21:04:53 -0800] "GET /images/clearpixel.gif HTTP/1.1" 404 275 "http://www.bluestarperformance.com/nos-sheetmetal.html" "Mozilla/4.0 (compatible; MSIE 7.0; Windows NT 6.0; SLCC1; .NET CLR 2.0.50727; Media Center PC 5.0; .NET CLR 3.0.04506)" "bluestarperformance.com"
98.28.220.167 - - [01/Dec/2008:21:05:29 -0800] "GET /70RTSE/70-se8.JPG HTTP/1.1" 200 149515 "http://www.bluestarperformance.com/cars4sale.html" "Mozilla/4.0 (compatible; MSIE 7.0; Windows NT 6.0; FunWebProducts; Mozilla/4.0 (compatible; MSIE 6.0; Windows NT 5.1; SV1) ; Embedded Web Browser from: http://bsalsa.com/; SLCC1; .NET CLR 2.0.50727; .NET CLR 3.0.04506)" "bluestarperformance.com"
98.28.220.167 - - [01/Dec/2008:21:05:52 -0800] "GET / HTTP/1.1" 200 4481 "http://www.bluestarperformance.com/cars4sale.html" "Mozilla/4.0 (compatible; MSIE 7.0; Windows NT 6.0; FunWebProducts; Mozilla/4.0 (compatible; MSIE 6.0; Windows NT 5.1; SV1) ; Embedded Web Browser from: http://bsalsa.com/; SLCC1; .NET CLR 2.0.50727; .NET CLR 3.0.04506)" "bodyworks.bluestarperformance.com"
98.28.220.167 - - [01/Dec/2008:21:05:52 -0800] "GET /coolstyle.css HTTP/1.1" 200 8821 "http://bodyworks.bluestarperformance.com/" "Mozilla/4.0 (compatible; MSIE 7.0; Windows NT 6.0; FunWebProducts; Mozilla/4.0 (compatible; MSIE 6.0; Windows NT 5.1; SV1) ; Embedded Web Browser from: http://bsalsa.com/; SLCC1; .NET CLR 2.0.50727; .NET CLR 3.0.04506)" "bodyworks.bluestarperformance.com"
98.28.220.167 - - [01/Dec/2008:21:05:52 -0800] "GET /javascripts.js HTTP/1.1" 200 84 "http://bodyworks.bluestarperformance.com/" "Mozilla/4.0 (compatible; MSIE 7.0; Windows NT 6.0; FunWebProducts; Mozilla/4.0 (compatible; MSIE 6.0; Windows NT 5.1; SV1) ; Embedded Web Browser from: http://bsalsa.com/; SLCC1; .NET CLR 2.0.50727; .NET CLR 3.0.04506)" "bodyworks.bluestarperformance.com"
98.28.220.167 - - [01/Dec/2008:21:05:52 -0800] "GET /pop-closeup.js HTTP/1.1" 200 2110 "http://bodyworks.bluestarperformance.com/" "Mozilla/4.0 (compatible; MSIE 7.0; Windows NT 6.0; FunWebProducts; Mozilla/4.0 (compatible; MSIE 6.0; Windows NT 5.1; SV1) ; Embedded Web Browser from: http://bsalsa.com/; SLCC1; .NET CLR 2.0.50727; .NET CLR 3.0.04506)" "bodyworks.bluestarperformance.com"
98.28.220.167 - - [01/Dec/2008:21:05:53 -0800] "GET /picts/background-main.jpg HTTP/1.1" 200 1280 "http://bodyworks.bluestarperformance.com/" "Mozilla/4.0 (compatible; MSIE 7.0; Windows NT 6.0; FunWebProducts; Mozilla/4.0 (compatible; MSIE 6.0; Windows NT 5.1; SV1) ; Embedded Web Browser from: http://bsalsa.com/; SLCC1; .NET CLR 2.0.50727; .NET CLR 3.0.04506)" "bodyworks.bluestarperformance.com"
98.28.220.167 - - [01/Dec/2008:21:05:53 -0800] "GET /header.js HTTP/1.1" 200 1857 "http://bodyworks.bluestarperformance.com/" "Mozilla/4.0 (compatible; MSIE 7.0; Windows NT 6.0; FunWebProducts; Mozilla/4.0 (compatible; MSIE 6.0; Windows NT 5.1; SV1) ; Embedded Web Browser from: http://bsalsa.com/; SLCC1; .NET CLR 2.0.50727; .NET CLR 3.0.04506)" "bodyworks.bluestarperformance.com"
98.28.220.167 - - [01/Dec/2008:21:05:53 -0800] "GET /picts/spacer.gif HTTP/1.1" 200 67 "http://bodyworks.bluestarperformance.com/" "Mozilla/4.0 (compatible; MSIE 7.0; Windows NT 6.0; FunWebProducts; Mozilla/4.0 (compatible; MSIE 6.0; Windows NT 5.1; SV1) ; Embedded Web Browser from: http://bsalsa.com/; SLCC1; .NET CLR 2.0.50727; .NET CLR 3.0.04506)" "bodyworks.bluestarperformance.com"
98.28.220.167 - - [01/Dec/2008:21:05:53 -0800] "GET /picts/logo.jpg HTTP/1.1" 200 34519 "http://bodyworks.bluestarperformance.com/" "Mozilla/4.0 (compatible; MSIE 7.0; Windows NT 6.0; FunWebProducts; Mozilla/4.0 (compatible; MSIE 6.0; Windows NT 5.1; SV1) ; Embedded Web Browser from: http://bsalsa.com/; SLCC1; .NET CLR 2.0.50727; .NET CLR 3.0.04506)" "bodyworks.bluestarperformance.com"
98.28.220.167 - - [01/Dec/2008:21:05:53 -0800] "GET /imagechanger.js HTTP/1.1" 200 1461 "http://bodyworks.bluestarperformance.com/" "Mozilla/4.0 (compatible; MSIE 7.0; Windows NT 6.0; FunWebProducts; Mozilla/4.0 (compatible; MSIE 6.0; Windows NT 5.1; SV1) ; Embedded Web Browser from: http://bsalsa.com/; SLCC1; .NET CLR 2.0.50727; .NET CLR 3.0.04506)" "bodyworks.bluestarperformance.com"
98.28.220.167 - - [01/Dec/2008:21:05:53 -0800] "GET /imagechanger.swf HTTP/1.1" 200 691 "http://bodyworks.bluestarperformance.com/" "Mozilla/4.0 (compatible; MSIE 7.0; Windows NT 6.0; FunWebProducts; Mozilla/4.0 (compatible; MSIE 6.0; Windows NT 5.1; SV1) ; Embedded Web Browser from: http://bsalsa.com/; SLCC1; .NET CLR 2.0.50727; .NET CLR 3.0.04506)" "bodyworks.bluestarperformance.com"
98.28.220.167 - - [01/Dec/2008:21:05:53 -0800] "GET /menu.js HTTP/1.1" 200 1342 "http://bodyworks.bluestarperformance.com/" "Mozilla/4.0 (compatible; MSIE 7.0; Windows NT 6.0; FunWebProducts; Mozilla/4.0 (compatible; MSIE 6.0; Windows NT 5.1; SV1) ; Embedded Web Browser from: http://bsalsa.com/; SLCC1; .NET CLR 2.0.50727; .NET CLR 3.0.04506)" "bodyworks.bluestarperformance.com"
98.28.220.167 - - [01/Dec/2008:21:05:53 -0800] "GET /picts/background-bar.jpg HTTP/1.1" 200 39550 "http://bodyworks.bluestarperformance.com/" "Mozilla/4.0 (compatible; MSIE 7.0; Windows NT 6.0; FunWebProducts; Mozilla/4.0 (compatible; MSIE 6.0; Windows NT 5.1; SV1) ; Embedded Web Browser from: http://bsalsa.com/; SLCC1; .NET CLR 2.0.50727; .NET CLR 3.0.04506)" "bodyworks.bluestarperformance.com"
98.28.220.167 - - [01/Dec/2008:21:05:56 -0800] "GET /pageheight.js HTTP/1.1" 200 236 "http://bodyworks.bluestarperformance.com/" "Mozilla/4.0 (compatible; MSIE 7.0; Windows NT 6.0; FunWebProducts; Mozilla/4.0 (compatible; MSIE 6.0; Windows NT 5.1; SV1) ; Embedded Web Browser from: http://bsalsa.com/; SLCC1; .NET CLR 2.0.50727; .NET CLR 3.0.04506)" "bodyworks.bluestarperformance.com"
98.28.220.167 - - [01/Dec/2008:21:05:56 -0800] "GET /contact.js HTTP/1.1" 200 517 "http://bodyworks.bluestarperformance.com/" "Mozilla/4.0 (compatible; MSIE 7.0; Windows NT 6.0; FunWebProducts; Mozilla/4.0 (compatible; MSIE 6.0; Windows NT 5.1; SV1) ; Embedded Web Browser from: http://bsalsa.com/; SLCC1; .NET CLR 2.0.50727; .NET CLR 3.0.04506)" "bodyworks.bluestarperformance.com"
98.28.220.167 - - [01/Dec/2008:21:05:57 -0800] "GET /footer.js HTTP/1.1" 200 1343 "http://bodyworks.bluestarperformance.com/" "Mozilla/4.0 (compatible; MSIE 7.0; Windows NT 6.0; FunWebProducts; Mozilla/4.0 (compatible; MSIE 6.0; Windows NT 5.1; SV1) ; Embedded Web Browser from: http://bsalsa.com/; SLCC1; .NET CLR 2.0.50727; .NET CLR 3.0.04506)" "bodyworks.bluestarperformance.com"
98.28.220.167 - - [01/Dec/2008:21:05:57 -0800] "GET /picts/home-2.jpg HTTP/1.1" 200 33019 "http://bodyworks.bluestarperformance.com/" "Mozilla/4.0 (compatible; MSIE 7.0; Windows NT 6.0; FunWebProducts; Mozilla/4.0 (compatible; MSIE 6.0; Windows NT 5.1; SV1) ; Embedded Web Browser from: http://bsalsa.com/; SLCC1; .NET CLR 2.0.50727; .NET CLR 3.0.04506)" "bodyworks.bluestarperformance.com"
98.28.220.167 - - [01/Dec/2008:21:05:57 -0800] "GET /flash/image1.jpg HTTP/1.1" 200 23483 "http://bodyworks.bluestarperformance.com/imagechanger.swf" "Mozilla/4.0 (compatible; MSIE 7.0; Windows NT 6.0; FunWebProducts; Mozilla/4.0 (compatible; MSIE 6.0; Windows NT 5.1; SV1) ; Embedded Web Browser from: http://bsalsa.com/; SLCC1; .NET CLR 2.0.50727; .NET CLR 3.0.04506)" "bodyworks.bluestarperformance.com"
98.28.220.167 - - [01/Dec/2008:21:05:57 -0800] "GET /favicon.ico HTTP/1.1" 404 275 "-" "Mozilla/4.0 (compatible; MSIE 7.0; Windows NT 6.0; FunWebProducts; Mozilla/4.0 (compatible; MSIE 6.0; Windows NT 5.1; SV1) ; Embedded Web Browser from: http://bsalsa.com/; SLCC1; .NET CLR 2.0.50727; .NET CLR 3.0.04506)" "bodyworks.bluestarperformance.com"
98.28.220.167 - - [01/Dec/2008:21:06:03 -0800] "GET /flash/image2.jpg HTTP/1.1" 200 28606 "http://bodyworks.bluestarperformance.com/imagechanger.swf" "Mozilla/4.0 (compatible; MSIE 7.0; Windows NT 6.0; FunWebProducts; Mozilla/4.0 (compatible; MSIE 6.0; Windows NT 5.1; SV1) ; Embedded Web Browser from: http://bsalsa.com/; SLCC1; .NET CLR 2.0.50727; .NET CLR 3.0.04506)" "bodyworks.bluestarperformance.com"
